Last updated on 2024-04-24 11:20:44 CEST.
Flavor | Version | Tinstall | Tcheck | Ttotal | Status | Flags |
---|---|---|---|---|---|---|
r-devel-linux-x86_64-debian-clang | 0.7.18 | 2.98 | 30.42 | 33.40 | NOTE | |
r-devel-linux-x86_64-debian-gcc | 0.7.18 | 1.88 | 21.41 | 23.29 | NOTE | |
r-devel-linux-x86_64-fedora-clang | 0.7.18 | 40.46 | NOTE | |||
r-devel-linux-x86_64-fedora-gcc | 0.7.18 | 40.39 | NOTE | |||
r-devel-windows-x86_64 | 0.7.18 | 3.00 | 39.00 | 42.00 | NOTE | |
r-patched-linux-x86_64 | 0.7.18 | 2.74 | 27.50 | 30.24 | NOTE | |
r-release-linux-x86_64 | 0.7.18 | 2.55 | 27.99 | 30.54 | NOTE | |
r-release-macos-arm64 | 0.7.18 | 16.00 | NOTE | |||
r-release-windows-x86_64 | 0.7.18 | 3.00 | 39.00 | 42.00 | NOTE | |
r-oldrel-macos-arm64 | 0.7.18 | 16.00 | NOTE | |||
r-oldrel-macos-x86_64 | 0.7.18 | 22.00 | NOTE | |||
r-oldrel-windows-x86_64 | 0.7.18 | 5.00 | 48.00 | 53.00 | NOTE |
Version: 0.7.18
Check: LazyData
Result: NOTE
'LazyData' is specified without a 'data' directory
Flavors: r-devel-linux-x86_64-debian-clang, r-devel-linux-x86_64-debian-gcc, r-devel-linux-x86_64-fedora-clang, r-devel-linux-x86_64-fedora-gcc, r-devel-windows-x86_64, r-patched-linux-x86_64, r-release-linux-x86_64, r-release-macos-arm64, r-release-windows-x86_64, r-oldrel-macos-arm64, r-oldrel-macos-x86_64, r-oldrel-windows-x86_64