CRAN Package Check Results for Package AdvDif4

Last updated on 2022-06-30 11:53:01 CEST.

Flavor Version Tinstall Tcheck Ttotal Status Flags
r-devel-linux-x86_64-debian-clang 0.7.18 2.08 28.86 30.94 NOTE
r-devel-linux-x86_64-debian-gcc 0.7.18 1.93 21.75 23.68 NOTE
r-devel-linux-x86_64-fedora-clang 0.7.18 48.05 NOTE
r-devel-linux-x86_64-fedora-gcc 0.7.18 49.02 NOTE
r-devel-windows-x86_64 0.7.18 12.00 50.00 62.00 NOTE
r-patched-linux-x86_64 0.7.18 2.48 29.21 31.69 NOTE
r-release-linux-x86_64 0.7.18 2.30 27.79 30.09 NOTE
r-release-macos-arm64 0.7.18 15.00 NOTE
r-release-macos-x86_64 0.7.18 22.00 NOTE
r-release-windows-x86_64 0.7.18 5.00 48.00 53.00 NOTE
r-oldrel-macos-arm64 0.7.18 19.00 NOTE
r-oldrel-macos-x86_64 0.7.18 28.00 NOTE
r-oldrel-windows-ix86+x86_64 0.7.18 5.00 41.00 46.00 NOTE

Check Details

Version: 0.7.18
Check: LazyData
Result: NOTE
     'LazyData' is specified without a 'data' directory
Flavors: r-devel-linux-x86_64-debian-clang, r-devel-linux-x86_64-debian-gcc, r-devel-linux-x86_64-fedora-clang, r-devel-linux-x86_64-fedora-gcc, r-devel-windows-x86_64, r-patched-linux-x86_64, r-release-linux-x86_64, r-release-macos-arm64, r-release-macos-x86_64, r-release-windows-x86_64, r-oldrel-macos-arm64, r-oldrel-macos-x86_64, r-oldrel-windows-ix86+x86_64