CRAN Package Check Results for Package ActiveDriverWGS

Last updated on 2022-06-25 10:52:57 CEST.

Flavor Version Tinstall Tcheck Ttotal Status Flags
r-devel-linux-x86_64-debian-clang 1.1.2 4.13 182.42 186.55 OK
r-devel-linux-x86_64-debian-gcc 1.1.2 3.11 131.32 134.43 OK
r-devel-linux-x86_64-fedora-clang 1.1.2 254.48 OK
r-devel-linux-x86_64-fedora-gcc 1.1.2 229.18 OK
r-devel-windows-x86_64 1.1.2 70.00 219.00 289.00 OK
r-patched-linux-x86_64 1.1.2 4.68 179.84 184.52 OK
r-release-linux-x86_64 1.1.2 4.09 177.88 181.97 OK
r-release-macos-arm64 1.1.2 14.00 ERROR
r-release-macos-x86_64 1.1.2 30.00 ERROR
r-release-windows-x86_64 1.1.2 48.00 234.00 282.00 OK
r-oldrel-macos-arm64 1.1.2 16.00 ERROR
r-oldrel-macos-x86_64 1.1.2 20.00 ERROR
r-oldrel-windows-ix86+x86_64 1.1.2 9.00 234.00 243.00 OK

Check Details

Version: 1.1.2
Check: package dependencies
Result: ERROR
    Packages required but not available:
     'BSgenome.Hsapiens.UCSC.hg19', 'BSgenome.Hsapiens.UCSC.hg38',
     'BSgenome.Mmusculus.UCSC.mm9', 'BSgenome.Mmusculus.UCSC.mm10'
    
    See section ‘The DESCRIPTION file’ in the ‘Writing R Extensions’
    manual.
Flavors: r-release-macos-arm64, r-release-macos-x86_64

Version: 1.1.2
Check: package dependencies
Result: ERROR
    Package required but not available: ‘BSgenome.Mmusculus.UCSC.mm10’
    
    See section ‘The DESCRIPTION file’ in the ‘Writing R Extensions’
    manual.
Flavors: r-oldrel-macos-arm64, r-oldrel-macos-x86_64