CRAN Package Check Results for Package AWR.Athena

Last updated on 2022-07-05 11:49:47 CEST.

Flavor Version Tinstall Tcheck Ttotal Status Flags
r-devel-linux-x86_64-debian-clang 2.0.7-0 6.46 44.65 51.11 NOTE
r-devel-linux-x86_64-debian-gcc 2.0.7-0 4.76 33.84 38.60 NOTE
r-devel-linux-x86_64-fedora-clang 2.0.7-0 68.18 NOTE
r-devel-linux-x86_64-fedora-gcc 2.0.7-0 69.61 NOTE
r-devel-windows-x86_64 2.0.7-0 21.00 67.00 88.00 NOTE
r-patched-linux-x86_64 2.0.7-0 5.88 42.73 48.61 NOTE
r-release-linux-x86_64 2.0.7-0 5.66 43.42 49.08 NOTE
r-release-macos-arm64 2.0.7-0 47.00 NOTE
r-release-macos-x86_64 2.0.7-0 46.00 NOTE
r-release-windows-x86_64 2.0.7-0 32.00 70.00 102.00 NOTE
r-oldrel-macos-arm64 2.0.7-0 45.00 NOTE
r-oldrel-macos-x86_64 2.0.7-0 53.00 NOTE
r-oldrel-windows-ix86+x86_64 2.0.7-0 19.00 65.00 84.00 NOTE

Check Details

Version: 2.0.7-0
Check: LazyData
Result: NOTE
     'LazyData' is specified without a 'data' directory
Flavors: r-devel-linux-x86_64-debian-clang, r-devel-linux-x86_64-debian-gcc, r-devel-linux-x86_64-fedora-clang, r-devel-linux-x86_64-fedora-gcc, r-devel-windows-x86_64, r-patched-linux-x86_64, r-release-linux-x86_64, r-release-macos-arm64, r-release-macos-x86_64, r-release-windows-x86_64, r-oldrel-macos-arm64, r-oldrel-macos-x86_64, r-oldrel-windows-ix86+x86_64

Version: 2.0.7-0
Check: installed package size
Result: NOTE
     installed size is 7.9Mb
     sub-directories of 1Mb or more:
     java 7.8Mb
Flavors: r-devel-linux-x86_64-fedora-clang, r-devel-windows-x86_64, r-release-macos-arm64, r-release-macos-x86_64, r-release-windows-x86_64, r-oldrel-macos-arm64, r-oldrel-macos-x86_64, r-oldrel-windows-ix86+x86_64