Last updated on 2024-04-19 11:56:39 CEST.
Flavor | Version | Tinstall | Tcheck | Ttotal | Status | Flags |
---|---|---|---|---|---|---|
r-devel-linux-x86_64-debian-clang | 1.1.0 | 132.02 | 121.03 | 253.05 | OK | |
r-devel-linux-x86_64-debian-gcc | 1.1.0 | OK | ||||
r-devel-linux-x86_64-fedora-clang | 1.1.0 | 359.67 | NOTE | |||
r-devel-linux-x86_64-fedora-gcc | 1.1.0 | 433.78 | NOTE | |||
r-prerel-macos-arm64 | 1.1.0 | 83.00 | NOTE | |||
r-prerel-windows-x86_64 | 1.1.0 | 100.00 | 218.00 | 318.00 | OK | |
r-patched-linux-x86_64 | 1.1.0 | 136.68 | 255.36 | 392.04 | OK | |
r-release-linux-x86_64 | 1.1.0 | 132.68 | 177.96 | 310.64 | OK | |
r-release-macos-arm64 | 1.1.0 | 92.00 | NOTE | |||
r-release-macos-x86_64 | 1.1.0 | 141.00 | NOTE | |||
r-release-windows-x86_64 | 1.1.0 | 129.00 | 208.00 | 337.00 | OK | |
r-oldrel-macos-arm64 | 1.1.0 | 86.00 | NOTE | |||
r-oldrel-windows-x86_64 | 1.1.0 | 121.00 | 220.00 | 341.00 | OK |
Version: 1.1.0
Check: dependencies in R code
Result: NOTE
Namespace in Imports field not imported from: ‘R.rsp’
All declared Imports should be used.
Flavors: r-devel-linux-x86_64-fedora-clang, r-devel-linux-x86_64-fedora-gcc
Version: 1.1.0
Check: installed package size
Result: NOTE
installed size is 10.2Mb
sub-directories of 1Mb or more:
libs 9.5Mb
Flavors: r-prerel-macos-arm64, r-release-macos-arm64, r-release-macos-x86_64, r-oldrel-macos-arm64