Last updated on 2024-08-16 12:49:03 CEST.
Flavor | Version | Tinstall | Tcheck | Ttotal | Status | Flags |
---|---|---|---|---|---|---|
r-devel-linux-x86_64-debian-clang | 1.1.4 | 50.06 | 166.40 | 216.46 | OK | |
r-devel-linux-x86_64-debian-gcc | 1.1.4 | 36.42 | 128.87 | 165.29 | OK | |
r-devel-linux-x86_64-fedora-clang | 1.1.4 | 378.46 | OK | |||
r-devel-linux-x86_64-fedora-gcc | 1.1.4 | 356.93 | OK | |||
r-devel-windows-x86_64 | 1.1.4 | 58.00 | 171.00 | 229.00 | OK | |
r-patched-linux-x86_64 | 1.1.4 | 48.41 | 160.33 | 208.74 | OK | |
r-release-linux-x86_64 | 1.1.4 | 49.80 | 167.14 | 216.94 | OK | |
r-release-macos-arm64 | 1.1.4 | 101.00 | NOTE | |||
r-release-macos-x86_64 | 1.1.4 | 171.00 | NOTE | |||
r-release-windows-x86_64 | 1.1.4 | 57.00 | 169.00 | 226.00 | OK | |
r-oldrel-macos-arm64 | 1.1.4 | 83.00 | NOTE | |||
r-oldrel-macos-x86_64 | 1.1.4 | 120.00 | OK | |||
r-oldrel-windows-x86_64 | 1.1.4 | 82.00 | 219.00 | 301.00 | OK |
Version: 1.1.4
Check: installed package size
Result: NOTE
installed size is 5.8Mb
sub-directories of 1Mb or more:
data 5.4Mb
Flavors: r-release-macos-arm64, r-release-macos-x86_64, r-oldrel-macos-arm64