CRAN Package Check Results for Package ARUtools

Last updated on 2025-01-24 12:48:38 CET.

Flavor Version Tinstall Tcheck Ttotal Status Flags
r-devel-linux-x86_64-debian-clang 0.7.1 6.29 183.45 189.74 NOTE
r-devel-linux-x86_64-debian-gcc 0.7.1 4.04 132.46 136.50 NOTE
r-devel-linux-x86_64-fedora-clang 0.7.1 305.31 OK
r-devel-linux-x86_64-fedora-gcc 0.7.1 299.86 OK
r-devel-windows-x86_64 0.7.1 10.00 212.00 222.00 OK
r-patched-linux-x86_64 0.7.1 7.15 168.85 176.00 OK
r-release-linux-x86_64 0.7.1 5.98 170.95 176.93 OK
r-release-macos-arm64 0.7.1 108.00 OK
r-release-macos-x86_64 0.7.1 184.00 OK
r-release-windows-x86_64 0.7.1 9.00 226.00 235.00 OK
r-oldrel-macos-arm64 0.7.1 102.00 OK
r-oldrel-macos-x86_64 0.7.1 208.00 OK
r-oldrel-windows-x86_64 0.7.1 9.00 254.00 263.00 OK

Check Details

Version: 0.7.1
Check: DESCRIPTION meta-information
Result: NOTE Missing dependency on R >= 4.1.0 because package code uses the pipe |> or function shorthand \(...) syntax added in R 4.1.0. File(s) using such syntax: ‘add_sites.R’ ‘calc_sun.R’ ‘clean_logs.R’ ‘clean_metadata.R’ ‘clean_sites.R’ ‘create_patterns.R’ ‘helper.R’ ‘selections.R’ ‘test_helper.R’ ‘utils.R’ ‘utils_wave.R’ ‘wind_detection_functions.R’ ‘wt_assign_tasks.R’ Flavors: r-devel-linux-x86_64-debian-clang, r-devel-linux-x86_64-debian-gcc