Last updated on 2024-04-24 11:20:44 CEST.
Flavor | Version | Tinstall | Tcheck | Ttotal | Status | Flags |
---|---|---|---|---|---|---|
r-devel-linux-x86_64-debian-clang | 0.1.2 | 91.42 | 79.21 | 170.63 | NOTE | |
r-devel-linux-x86_64-debian-gcc | 0.1.2 | 82.69 | 61.91 | 144.60 | NOTE | |
r-devel-linux-x86_64-fedora-clang | 0.1.2 | 227.17 | NOTE | |||
r-devel-linux-x86_64-fedora-gcc | 0.1.2 | 266.43 | NOTE | |||
r-devel-windows-x86_64 | 0.1.2 | 69.00 | 127.00 | 196.00 | NOTE | |
r-patched-linux-x86_64 | 0.1.2 | 100.02 | 80.96 | 180.98 | NOTE | |
r-release-linux-x86_64 | 0.1.2 | 104.26 | 81.97 | 186.23 | NOTE | |
r-release-macos-arm64 | 0.1.2 | 57.00 | NOTE | |||
r-release-windows-x86_64 | 0.1.2 | 71.00 | 100.00 | 171.00 | NOTE | |
r-oldrel-macos-arm64 | 0.1.2 | 52.00 | NOTE | |||
r-oldrel-macos-x86_64 | 0.1.2 | 83.00 | NOTE | |||
r-oldrel-windows-x86_64 | 0.1.2 | 87.00 | 109.00 | 196.00 | OK |
Version: 0.1.2
Check: C++ specification
Result: NOTE
Specified C++11: please drop specification unless essential
Flavors: r-devel-linux-x86_64-debian-clang, r-devel-linux-x86_64-debian-gcc, r-devel-linux-x86_64-fedora-clang, r-devel-linux-x86_64-fedora-gcc, r-devel-windows-x86_64, r-patched-linux-x86_64, r-release-linux-x86_64, r-release-macos-arm64, r-release-windows-x86_64, r-oldrel-macos-x86_64
Version: 0.1.2
Check: installed package size
Result: NOTE
installed size is 18.2Mb
sub-directories of 1Mb or more:
libs 17.9Mb
Flavors: r-release-macos-arm64, r-oldrel-macos-arm64, r-oldrel-macos-x86_64