CRAN Package Check Results for Package ANOVAShiny

Last updated on 2022-07-01 11:51:54 CEST.

Flavor Version Tinstall Tcheck Ttotal Status Flags
r-devel-linux-x86_64-debian-clang 0.1.0 2.11 20.48 22.59 NOTE
r-devel-linux-x86_64-debian-gcc 0.1.0 1.80 16.13 17.93 NOTE
r-devel-linux-x86_64-fedora-clang 0.1.0 40.57 NOTE
r-devel-linux-x86_64-fedora-gcc 0.1.0 37.35 NOTE
r-devel-windows-x86_64 0.1.0 9.00 45.00 54.00 NOTE
r-patched-linux-x86_64 0.1.0 1.50 19.83 21.33 NOTE
r-release-linux-x86_64 0.1.0 2.13 20.08 22.21 NOTE
r-release-macos-arm64 0.1.0 16.00 NOTE
r-release-macos-x86_64 0.1.0 24.00 NOTE
r-release-windows-x86_64 0.1.0 8.00 46.00 54.00 NOTE
r-oldrel-macos-arm64 0.1.0 19.00 NOTE
r-oldrel-macos-x86_64 0.1.0 25.00 NOTE
r-oldrel-windows-ix86+x86_64 0.1.0 9.00 40.00 49.00 NOTE

Check Details

Version: 0.1.0
Check: LazyData
Result: NOTE
     'LazyData' is specified without a 'data' directory
Flavors: r-devel-linux-x86_64-debian-clang, r-devel-linux-x86_64-debian-gcc, r-devel-linux-x86_64-fedora-clang, r-devel-linux-x86_64-fedora-gcc, r-devel-windows-x86_64, r-patched-linux-x86_64, r-release-linux-x86_64, r-release-macos-arm64, r-release-macos-x86_64, r-release-windows-x86_64, r-oldrel-macos-arm64, r-oldrel-macos-x86_64, r-oldrel-windows-ix86+x86_64

Version: 0.1.0
Check: dependencies in R code
Result: NOTE
    Namespaces in Imports field not imported from:
     ‘DescTools’ ‘HH’ ‘datasets’ ‘dplyr’ ‘rhandsontable’ ‘shiny’
     All declared Imports should be used.
Flavors: r-devel-linux-x86_64-fedora-clang, r-devel-linux-x86_64-fedora-gcc, r-release-macos-arm64, r-release-macos-x86_64, r-oldrel-macos-arm64, r-oldrel-macos-x86_64