CRAN Package Check Results for Package ANN2

Last updated on 2022-07-04 12:54:03 CEST.

Flavor Version Tinstall Tcheck Ttotal Status Flags
r-devel-linux-x86_64-debian-clang 2.3.4 520.94 83.78 604.72 NOTE
r-devel-linux-x86_64-debian-gcc 2.3.4 381.70 78.78 460.48 NOTE
r-devel-linux-x86_64-fedora-clang 2.3.4 1321.70 NOTE
r-devel-linux-x86_64-fedora-gcc 2.3.4 741.82 NOTE
r-devel-windows-x86_64 2.3.4 303.00 133.00 436.00 NOTE
r-patched-linux-x86_64 2.3.4 355.20 82.99 438.19 NOTE
r-release-linux-x86_64 2.3.4 346.14 81.28 427.42 NOTE
r-release-macos-arm64 2.3.4 229.00 NOTE
r-release-macos-x86_64 2.3.4 415.00 NOTE
r-release-windows-x86_64 2.3.4 321.00 141.00 462.00 NOTE
r-oldrel-macos-arm64 2.3.4 253.00 NOTE
r-oldrel-macos-x86_64 2.3.4 351.00 NOTE
r-oldrel-windows-ix86+x86_64 2.3.4 965.00 156.00 1121.00 NOTE

Check Details

Version: 2.3.4
Check: LazyData
Result: NOTE
     'LazyData' is specified without a 'data' directory
Flavors: r-devel-linux-x86_64-debian-clang, r-devel-linux-x86_64-debian-gcc, r-devel-linux-x86_64-fedora-clang, r-devel-linux-x86_64-fedora-gcc, r-devel-windows-x86_64, r-patched-linux-x86_64, r-release-linux-x86_64, r-release-macos-arm64, r-release-macos-x86_64, r-release-windows-x86_64, r-oldrel-macos-arm64, r-oldrel-macos-x86_64, r-oldrel-windows-ix86+x86_64

Version: 2.3.4
Check: installed package size
Result: NOTE
     installed size is 37.3Mb
     sub-directories of 1Mb or more:
     cereal 1.4Mb
     libs 35.7Mb
Flavors: r-devel-linux-x86_64-fedora-clang, r-release-macos-arm64, r-release-macos-x86_64, r-oldrel-macos-arm64, r-oldrel-macos-x86_64, r-oldrel-windows-ix86+x86_64