CRAN Package Check Results for Package AMCP

Last updated on 2022-07-04 12:54:03 CEST.

Flavor Version Tinstall Tcheck Ttotal Status Flags
r-devel-linux-x86_64-debian-clang 1.0.1 4.79 133.48 138.27 NOTE
r-devel-linux-x86_64-debian-gcc 1.0.1 3.08 102.97 106.05 NOTE
r-devel-linux-x86_64-fedora-clang 1.0.1 178.06 NOTE
r-devel-linux-x86_64-fedora-gcc 1.0.1 179.21 NOTE
r-devel-windows-x86_64 1.0.1 147.00 214.00 361.00 NOTE
r-patched-linux-x86_64 1.0.1 7.44 127.75 135.19 OK
r-release-linux-x86_64 1.0.1 4.25 128.65 132.90 OK
r-release-macos-arm64 1.0.1 62.00 OK
r-release-macos-x86_64 1.0.1 109.00 OK
r-release-windows-x86_64 1.0.1 31.00 204.00 235.00 OK
r-oldrel-macos-arm64 1.0.1 74.00 OK
r-oldrel-macos-x86_64 1.0.1 135.00 OK
r-oldrel-windows-ix86+x86_64 1.0.1 9.00 190.00 199.00 OK

Check Details

Version: 1.0.1
Check: Rd files
Result: NOTE
    checkRd: (-1) AMCP-package.Rd:34: Escaped LaTeX specials: \&
    checkRd: (-1) chapter_10_table_5.Rd:58: Escaped LaTeX specials: \&
    checkRd: (-1) chapter_10_table_9.Rd:54: Escaped LaTeX specials: \&
    checkRd: (-1) chapter_11_table_1.Rd:55: Escaped LaTeX specials: \&
    checkRd: (-1) chapter_11_table_19.Rd:56: Escaped LaTeX specials: \&
    checkRd: (-1) chapter_11_table_20.Rd:57: Escaped LaTeX specials: \&
    checkRd: (-1) chapter_11_table_4.Rd:55: Escaped LaTeX specials: \&
    checkRd: (-1) chapter_11_table_5.Rd:55: Escaped LaTeX specials: \&
    checkRd: (-1) chapter_12_table_1.Rd:58: Escaped LaTeX specials: \&
    checkRd: (-1) chapter_12_table_11.Rd:52: Escaped LaTeX specials: \&
    checkRd: (-1) chapter_12_table_15.Rd:54: Escaped LaTeX specials: \&
    checkRd: (-1) chapter_12_table_21.Rd:58: Escaped LaTeX specials: \&
    checkRd: (-1) chapter_12_table_7.Rd:54: Escaped LaTeX specials: \&
    checkRd: (-1) chapter_12_table_9.Rd:53: Escaped LaTeX specials: \&
    checkRd: (-1) chapter_13_table_1.Rd:55: Escaped LaTeX specials: \&
    checkRd: (-1) chapter_13_table_12.Rd:86: Escaped LaTeX specials: \&
    checkRd: (-1) chapter_13_table_12.Rd:89: Escaped LaTeX specials: \&
    checkRd: (-1) chapter_13_table_14.Rd:53: Escaped LaTeX specials: \&
    checkRd: (-1) chapter_13_table_2.Rd:54: Escaped LaTeX specials: \&
    checkRd: (-1) chapter_13_table_5.Rd:55: Escaped LaTeX specials: \&
    checkRd: (-1) chapter_14_table_1.Rd:55: Escaped LaTeX specials: \&
    checkRd: (-1) chapter_14_table_10.Rd:55: Escaped LaTeX specials: \&
    checkRd: (-1) chapter_14_table_3.Rd:56: Escaped LaTeX specials: \&
    checkRd: (-1) chapter_14_table_4.Rd:57: Escaped LaTeX specials: \&
    checkRd: (-1) chapter_14_table_5.Rd:56: Escaped LaTeX specials: \&
    checkRd: (-1) chapter_14_table_8.Rd:56: Escaped LaTeX specials: \&
    checkRd: (-1) chapter_15_table_1.Rd:54: Escaped LaTeX specials: \&
    checkRd: (-1) chapter_16_table_1.Rd:53: Escaped LaTeX specials: \&
    checkRd: (-1) chapter_16_table_4.Rd:58: Escaped LaTeX specials: \&
    checkRd: (-1) chapter_1_exercise_18.Rd:51: Escaped LaTeX specials: \&
    checkRd: (-1) chapter_1_exercise_19.Rd:50: Escaped LaTeX specials: \&
    checkRd: (-1) chapter_1_exercise_21.Rd:50: Escaped LaTeX specials: \&
    checkRd: (-1) chapter_1_exercise_22.Rd:51: Escaped LaTeX specials: \&
    checkRd: (-1) chapter_1_exercise_23.Rd:51: Escaped LaTeX specials: \&
    checkRd: (-1) chapter_1_table_1.Rd:55: Escaped LaTeX specials: \&
    checkRd: (-1) chapter_3_exercise_10.Rd:51: Escaped LaTeX specials: \&
    checkRd: (-1) chapter_3_exercise_11.Rd:50: Escaped LaTeX specials: \&
    checkRd: (-1) chapter_3_exercise_9.Rd:50: Escaped LaTeX specials: \&
    checkRd: (-1) chapter_3_table_1.Rd:51: Escaped LaTeX specials: \&
    checkRd: (-1) chapter_3_table_3.Rd:52: Escaped LaTeX specials: \&
    checkRd: (-1) chapter_3_table_7_raw.Rd:53: Escaped LaTeX specials: \&
    checkRd: (-1) chapter_3_table_7_raw.Rd:56: Escaped LaTeX specials: \&
    checkRd: (-1) chapter_3_table_9_raw.Rd:53: Escaped LaTeX specials: \&
    checkRd: (-1) chapter_3_table_9_raw.Rd:56: Escaped LaTeX specials: \&
    checkRd: (-1) chapter_4_table_1.Rd:52: Escaped LaTeX specials: \&
    checkRd: (-1) chapter_4_table_7.Rd:52: Escaped LaTeX specials: \&
    checkRd: (-1) chapter_5_table_4.Rd:52: Escaped LaTeX specials: \&
    checkRd: (-1) chapter_6_table_1.Rd:52: Escaped LaTeX specials: \&
    checkRd: (-1) chapter_7_table_1.Rd:56: Escaped LaTeX specials: \&
    checkRd: (-1) chapter_7_table_11.Rd:55: Escaped LaTeX specials: \&
    checkRd: (-1) chapter_7_table_15.Rd:39: Escaped LaTeX specials: \$ \$
    checkRd: (-1) chapter_7_table_15.Rd:92: Escaped LaTeX specials: \&
    checkRd: (-1) chapter_7_table_15.Rd:95: Escaped LaTeX specials: \&
    checkRd: (-1) chapter_7_table_23.Rd:56: Escaped LaTeX specials: \&
    checkRd: (-1) chapter_7_table_5.Rd:55: Escaped LaTeX specials: \&
    checkRd: (-1) chapter_7_table_9.Rd:53: Escaped LaTeX specials: \&
    checkRd: (-1) chapter_8_table_12.Rd:55: Escaped LaTeX specials: \&
    checkRd: (-1) chapter_9_extension_exercise_1.Rd:19: Escaped LaTeX specials: \&
    checkRd: (-1) chapter_9_extension_table_1.Rd:54: Escaped LaTeX specials: \&
    checkRd: (-1) chapter_9_table_1.Rd:55: Escaped LaTeX specials: \&
    checkRd: (-1) chapter_9_table_11.Rd:55: Escaped LaTeX specials: \&
    checkRd: (-1) chapter_9_table_7.Rd:54: Escaped LaTeX specials: \&
Flavors: r-devel-linux-x86_64-debian-clang, r-devel-linux-x86_64-debian-gcc, r-devel-linux-x86_64-fedora-clang, r-devel-linux-x86_64-fedora-gcc, r-devel-windows-x86_64