Last updated on 2022-06-27 11:50:37 CEST.
Flavor | Version | Tinstall | Tcheck | Ttotal | Status | Flags |
---|---|---|---|---|---|---|
r-devel-linux-x86_64-debian-clang | 0.10.0 | 7.32 | 85.34 | 92.66 | OK | |
r-devel-linux-x86_64-debian-gcc | 0.10.0 | 7.09 | 61.69 | 68.78 | OK | |
r-devel-linux-x86_64-fedora-clang | 0.10.0 | 116.70 | NOTE | |||
r-devel-linux-x86_64-fedora-gcc | 0.10.0 | 115.24 | OK | |||
r-devel-windows-x86_64 | 0.10.0 | 48.00 | 117.00 | 165.00 | OK | |
r-patched-linux-x86_64 | 0.10.0 | 14.10 | 79.10 | 93.20 | OK | |
r-release-linux-x86_64 | 0.10.0 | 8.35 | 79.36 | 87.71 | OK | |
r-release-macos-arm64 | 0.10.0 | 36.00 | OK | |||
r-release-macos-x86_64 | 0.10.0 | 50.00 | OK | |||
r-release-windows-x86_64 | 0.10.0 | 33.00 | 123.00 | 156.00 | OK | |
r-oldrel-macos-arm64 | 0.10.0 | 36.00 | OK | |||
r-oldrel-macos-x86_64 | 0.10.0 | 62.00 | OK | |||
r-oldrel-windows-ix86+x86_64 | 0.10.0 | 19.00 | 108.00 | 127.00 | OK |
Version: 0.10.0
Check: Rd cross-references
Result: NOTE
Undeclared package ‘sf’ in Rd xrefs
Flavor: r-devel-linux-x86_64-fedora-clang