Last updated on 2022-07-05 11:49:47 CEST.
Flavor | Version | Tinstall | Tcheck | Ttotal | Status | Flags |
---|---|---|---|---|---|---|
r-devel-linux-x86_64-debian-clang | 0.1.0 | 32.77 | 51.22 | 83.99 | WARN | |
r-devel-linux-x86_64-debian-gcc | 0.1.0 | 25.18 | 40.81 | 65.99 | OK | |
r-devel-linux-x86_64-fedora-clang | 0.1.0 | 126.30 | WARN | |||
r-devel-linux-x86_64-fedora-gcc | 0.1.0 | 115.08 | OK | |||
r-devel-windows-x86_64 | 0.1.0 | 38.00 | 105.00 | 143.00 | OK | |
r-patched-linux-x86_64 | 0.1.0 | 29.90 | 51.23 | 81.13 | OK | |
r-release-linux-x86_64 | 0.1.0 | 27.09 | 51.65 | 78.74 | OK | |
r-release-macos-arm64 | 0.1.0 | 34.00 | OK | |||
r-release-macos-x86_64 | 0.1.0 | 53.00 | OK | |||
r-release-windows-x86_64 | 0.1.0 | 51.00 | 104.00 | 155.00 | OK | |
r-oldrel-macos-arm64 | 0.1.0 | 40.00 | OK | |||
r-oldrel-macos-x86_64 | 0.1.0 | 72.00 | OK | |||
r-oldrel-windows-ix86+x86_64 | 0.1.0 | 81.00 | 128.00 | 209.00 | OK |
Version: 0.1.0
Check: whether package can be installed
Result: WARN
Found the following significant warnings:
fun_sublr.cpp:18:22: warning: use of bitwise '&' with boolean operands [-Wbitwise-instead-of-logical]
Flavors: r-devel-linux-x86_64-debian-clang, r-devel-linux-x86_64-fedora-clang