CRAN Package Check Results for Package ALTopt

Last updated on 2022-07-07 12:55:17 CEST.

Flavor Version Tinstall Tcheck Ttotal Status Flags
r-devel-linux-x86_64-debian-clang 0.1.2 3.66 29.38 33.04 NOTE
r-devel-linux-x86_64-debian-gcc 0.1.2 2.76 22.58 25.34 NOTE
r-devel-linux-x86_64-fedora-clang 0.1.2 50.92 NOTE
r-devel-linux-x86_64-fedora-gcc 0.1.2 49.72 NOTE
r-devel-windows-x86_64 0.1.2 14.00 59.00 73.00 NOTE
r-patched-linux-x86_64 0.1.2 3.30 29.53 32.83 NOTE
r-release-linux-x86_64 0.1.2 2.27 28.49 30.76 NOTE
r-release-macos-arm64 0.1.2 17.00 NOTE
r-release-macos-x86_64 0.1.2 25.00 NOTE
r-release-windows-x86_64 0.1.2 15.00 57.00 72.00 NOTE
r-oldrel-macos-arm64 0.1.2 24.00 NOTE
r-oldrel-macos-x86_64 0.1.2 32.00 NOTE
r-oldrel-windows-ix86+x86_64 0.1.2 7.00 49.00 56.00 NOTE

Check Details

Version: 0.1.2
Check: LazyData
Result: NOTE
     'LazyData' is specified without a 'data' directory
Flavors: r-devel-linux-x86_64-debian-clang, r-devel-linux-x86_64-debian-gcc, r-devel-linux-x86_64-fedora-clang, r-devel-linux-x86_64-fedora-gcc, r-devel-windows-x86_64, r-patched-linux-x86_64, r-release-linux-x86_64, r-release-macos-arm64, r-release-macos-x86_64, r-release-windows-x86_64, r-oldrel-macos-arm64, r-oldrel-macos-x86_64, r-oldrel-windows-ix86+x86_64