CRAN Package Check Results for Package ALSM

Last updated on 2023-10-01 12:00:30 CEST.

Flavor Version Tinstall Tcheck Ttotal Status Flags
r-devel-linux-x86_64-debian-clang 0.2.0 5.72 40.32 46.04 NOTE
r-devel-linux-x86_64-debian-gcc 0.2.0 2.98 31.14 34.12 NOTE
r-devel-linux-x86_64-fedora-clang 0.2.0 58.37 NOTE
r-devel-linux-x86_64-fedora-gcc 0.2.0 55.43 NOTE
r-devel-windows-x86_64 0.2.0 8.00 63.00 71.00 NOTE
r-patched-linux-x86_64 0.2.0 4.57 38.95 43.52 OK
r-release-linux-x86_64 0.2.0 4.45 38.90 43.35 OK
r-release-macos-arm64 0.2.0 23.00 OK
r-release-macos-x86_64 0.2.0 29.00 OK
r-release-windows-x86_64 0.2.0 9.00 66.00 75.00 OK
r-oldrel-macos-arm64 0.2.0 21.00 OK
r-oldrel-macos-x86_64 0.2.0 37.00 OK
r-oldrel-windows-x86_64 0.2.0 8.00 68.00 76.00 OK

Check Details

Version: 0.2.0
Check: Rd contents
Result: NOTE
    Argument items with no description in Rd object 'MLS':
     ‘MSE1’
Flavors: r-devel-linux-x86_64-debian-clang, r-devel-linux-x86_64-debian-gcc, r-devel-linux-x86_64-fedora-clang, r-devel-linux-x86_64-fedora-gcc, r-devel-windows-x86_64