Last updated on 2025-04-29 12:52:29 CEST.
Flavor | Version | Tinstall | Tcheck | Ttotal | Status | Flags |
---|---|---|---|---|---|---|
r-devel-linux-x86_64-debian-clang | 1.0 | 1.72 | 17.80 | 19.52 | NOTE | |
r-devel-linux-x86_64-debian-gcc | 1.0 | 1.33 | 13.93 | 15.26 | NOTE | |
r-devel-linux-x86_64-fedora-clang | 1.0 | 30.74 | NOTE | |||
r-devel-linux-x86_64-fedora-gcc | 1.0 | 30.21 | NOTE | |||
r-devel-windows-x86_64 | 1.0 | 3.00 | 35.00 | 38.00 | NOTE | |
r-patched-linux-x86_64 | 1.0 | 1.79 | 17.24 | 19.03 | NOTE | |
r-release-linux-x86_64 | 1.0 | 1.72 | 17.23 | 18.95 | NOTE | |
r-release-macos-arm64 | 1.0 | 14.00 | NOTE | |||
r-release-macos-x86_64 | 1.0 | 23.00 | NOTE | |||
r-release-windows-x86_64 | 1.0 | 7.00 | 36.00 | 43.00 | NOTE | |
r-oldrel-macos-arm64 | 1.0 | 20.00 | NOTE | |||
r-oldrel-macos-x86_64 | 1.0 | 19.00 | NOTE | |||
r-oldrel-windows-x86_64 | 1.0 | 3.00 | 37.00 | 40.00 | NOTE |
Version: 1.0
Check: CRAN incoming feasibility
Result: NOTE
Maintainer: ‘Dariush Najarzadeh <D_Najarzadeh@sbu.ac.ir>’
No Authors@R field in DESCRIPTION.
Please add one, modifying
Authors@R: person(given = "Dariush",
family = "Najarzadeh",
role = c("aut", "cre"),
email = "d_najarzadeh@sbu.ac.ir")
as necessary.
Flavors: r-devel-linux-x86_64-debian-clang, r-devel-linux-x86_64-debian-gcc
Version: 1.0
Check: DESCRIPTION meta-information
Result: NOTE
Malformed Title field: should not end in a period.
Flavors: r-devel-linux-x86_64-debian-clang, r-devel-linux-x86_64-debian-gcc, r-devel-linux-x86_64-fedora-clang, r-devel-linux-x86_64-fedora-gcc, r-devel-windows-x86_64, r-patched-linux-x86_64, r-release-linux-x86_64, r-release-macos-arm64, r-release-macos-x86_64, r-release-windows-x86_64, r-oldrel-macos-arm64, r-oldrel-macos-x86_64, r-oldrel-windows-x86_64