Last updated on 2022-06-28 12:52:17 CEST.
Flavor | Version | Tinstall | Tcheck | Ttotal | Status | Flags |
---|---|---|---|---|---|---|
r-devel-linux-x86_64-debian-clang | 0.6.3.2 | 6.32 | 70.60 | 76.92 | OK | |
r-devel-linux-x86_64-debian-gcc | 0.6.3.2 | 3.85 | 52.62 | 56.47 | OK | |
r-devel-linux-x86_64-fedora-clang | 0.6.3.2 | 100.07 | WARN | |||
r-devel-linux-x86_64-fedora-gcc | 0.6.3.2 | 100.58 | WARN | |||
r-devel-windows-x86_64 | 0.6.3.2 | 15.00 | 100.00 | 115.00 | OK | |
r-patched-linux-x86_64 | 0.6.3.2 | 10.59 | 67.73 | 78.32 | OK | |
r-release-linux-x86_64 | 0.6.3.2 | 6.14 | 66.79 | 72.93 | OK | |
r-release-macos-arm64 | 0.6.3.2 | 31.00 | NOTE | |||
r-release-macos-x86_64 | 0.6.3.2 | 61.00 | NOTE | |||
r-release-windows-x86_64 | 0.6.3.2 | 18.00 | 99.00 | 117.00 | OK | |
r-oldrel-macos-arm64 | 0.6.3.2 | 50.00 | NOTE | |||
r-oldrel-macos-x86_64 | 0.6.3.2 | 39.00 | NOTE | |||
r-oldrel-windows-ix86+x86_64 | 0.6.3.2 | 13.00 | 94.00 | 107.00 | OK |
Version: 0.6.3.2
Check: package dependencies
Result: WARN
Requires (indirectly) orphaned package: ‘gtools’
Flavors: r-devel-linux-x86_64-fedora-clang, r-devel-linux-x86_64-fedora-gcc
Version: 0.6.3.2
Check: dependencies in R code
Result: NOTE
Namespaces in Imports field not imported from:
‘Rsolnp’ ‘SuperLearner’ ‘future.apply’ ‘ggplot2’ ‘progressr’ ‘stats’
‘utils’
All declared Imports should be used.
Flavors: r-devel-linux-x86_64-fedora-clang, r-devel-linux-x86_64-fedora-gcc, r-release-macos-arm64, r-release-macos-x86_64, r-oldrel-macos-arm64, r-oldrel-macos-x86_64