CRAN Package Check Results for Package AICcmodavg

Last updated on 2024-02-27 11:49:43 CET.

Flavor Version Tinstall Tcheck Ttotal Status Flags
r-devel-linux-x86_64-debian-clang 2.3-3 78.83 437.32 516.15 OK
r-devel-linux-x86_64-debian-gcc 2.3-3 66.42 328.97 395.39 OK
r-devel-linux-x86_64-fedora-clang 2.3-3 649.01 NOTE
r-devel-linux-x86_64-fedora-gcc 2.3-3 586.94 OK
r-devel-windows-x86_64 2.3-3 65.00 347.00 412.00 OK
r-patched-linux-x86_64 2.3-3 88.36 424.05 512.41 OK
r-release-linux-x86_64 2.3-3 63.42 429.29 492.71 OK
r-release-macos-arm64 2.3-3 150.00 OK
r-release-macos-x86_64 2.3-3 383.00 OK
r-release-windows-x86_64 2.3-3 91.00 414.00 505.00 OK
r-oldrel-macos-arm64 2.3-3 138.00 OK
r-oldrel-windows-x86_64 2.3-3 93.00 407.00 500.00 OK

Check Details

Version: 2.3-3
Check: Rd cross-references
Result: NOTE Undeclared packages ‘multcomp’, ‘gmodels’ in Rd xrefs Flavor: r-devel-linux-x86_64-fedora-clang