CRAN Package Check Results for Package AHPhybrid

Last updated on 2025-02-10 11:49:10 CET.

Flavor Version Tinstall Tcheck Ttotal Status Flags
r-devel-linux-x86_64-debian-clang 0.1.0 1.58 17.36 18.94 OK
r-devel-linux-x86_64-debian-gcc 0.1.0 1.35 14.29 15.64 OK
r-devel-linux-x86_64-fedora-clang 0.1.0 30.89 OK
r-devel-linux-x86_64-fedora-gcc 0.1.0 28.88 OK
r-devel-windows-x86_64 0.1.0 6.00 41.00 47.00 OK
r-patched-linux-x86_64 0.1.0 1.70 16.44 18.14 NOTE
r-release-linux-x86_64 0.1.0 1.43 16.61 18.04 NOTE
r-release-macos-arm64 0.1.0 18.00 NOTE
r-release-macos-x86_64 0.1.0 20.00 NOTE
r-release-windows-x86_64 0.1.0 4.00 41.00 45.00 NOTE
r-oldrel-macos-arm64 0.1.0 16.00 NOTE
r-oldrel-macos-x86_64 0.1.0 19.00 NOTE
r-oldrel-windows-x86_64 0.1.0 5.00 39.00 44.00 NOTE

Check Details

Version: 0.1.0
Check: LazyData
Result: NOTE 'LazyData' is specified without a 'data' directory Flavors: r-patched-linux-x86_64, r-release-linux-x86_64, r-release-macos-arm64, r-release-macos-x86_64, r-release-windows-x86_64, r-oldrel-macos-arm64, r-oldrel-macos-x86_64, r-oldrel-windows-x86_64