Last updated on 2025-04-14 11:50:01 CEST.
Flavor | Version | Tinstall | Tcheck | Ttotal | Status | Flags |
---|---|---|---|---|---|---|
r-devel-linux-x86_64-debian-clang | 1.0.1 | 16.21 | 94.26 | 110.47 | OK | |
r-devel-linux-x86_64-debian-gcc | 1.0.1 | 12.80 | 69.70 | 82.50 | OK | |
r-devel-linux-x86_64-fedora-gcc | 1.0.1 | 161.64 | NOTE | |||
r-devel-windows-x86_64 | 1.0.1 | 18.00 | 99.00 | 117.00 | OK | |
r-patched-linux-x86_64 | 1.0.1 | 14.84 | 90.76 | 105.60 | OK | |
r-release-linux-x86_64 | 1.0.1 | 15.61 | 88.57 | 104.18 | OK | |
r-release-macos-arm64 | 1.0.1 | 55.00 | OK | |||
r-release-macos-x86_64 | 1.0.1 | 106.00 | OK | |||
r-release-windows-x86_64 | 1.0.1 | 23.00 | 127.00 | 150.00 | OK | |
r-oldrel-macos-arm64 | 1.0.1 | 55.00 | OK | |||
r-oldrel-macos-x86_64 | 1.0.1 | 89.00 | OK | |||
r-oldrel-windows-x86_64 | 1.0.1 | 23.00 | 127.00 | 150.00 | OK |
Version: 1.0.1
Check: dependencies in R code
Result: NOTE
Namespaces in Imports field not imported from:
‘devtools’ ‘mixexp’
All declared Imports should be used.
Flavor: r-devel-linux-x86_64-fedora-gcc