CRAN Package Check Results for Package AFheritability

Last updated on 2022-07-06 12:53:29 CEST.

Flavor Version Tinstall Tcheck Ttotal Status Flags
r-devel-linux-x86_64-debian-clang 0.1.0 7.16 65.04 72.20 NOTE
r-devel-linux-x86_64-debian-gcc 0.1.0 5.33 48.90 54.23 NOTE
r-devel-linux-x86_64-fedora-clang 0.1.0 96.41 NOTE
r-devel-linux-x86_64-fedora-gcc 0.1.0 96.64 NOTE
r-devel-windows-x86_64 0.1.0 28.00 85.00 113.00 NOTE
r-patched-linux-x86_64 0.1.0 6.59 63.40 69.99 NOTE
r-release-linux-x86_64 0.1.0 5.22 60.68 65.90 NOTE
r-release-macos-arm64 0.1.0 27.00 NOTE
r-release-macos-x86_64 0.1.0 39.00 NOTE
r-release-windows-x86_64 0.1.0 29.00 94.00 123.00 NOTE
r-oldrel-macos-arm64 0.1.0 35.00 NOTE
r-oldrel-macos-x86_64 0.1.0 45.00 NOTE
r-oldrel-windows-ix86+x86_64 0.1.0 19.00 82.00 101.00 NOTE

Check Details

Version: 0.1.0
Check: LazyData
Result: NOTE
     'LazyData' is specified without a 'data' directory
Flavors: r-devel-linux-x86_64-debian-clang, r-devel-linux-x86_64-debian-gcc, r-devel-linux-x86_64-fedora-clang, r-devel-linux-x86_64-fedora-gcc, r-devel-windows-x86_64, r-patched-linux-x86_64, r-release-linux-x86_64, r-release-macos-arm64, r-release-macos-x86_64, r-release-windows-x86_64, r-oldrel-macos-arm64, r-oldrel-macos-x86_64, r-oldrel-windows-ix86+x86_64