Last updated on 2024-04-18 12:52:36 CEST.
Flavor | Version | Tinstall | Tcheck | Ttotal | Status | Flags |
---|---|---|---|---|---|---|
r-devel-linux-x86_64-debian-clang | 0.1.4 | 2.61 | 15.07 | 17.68 | NOTE | |
r-devel-linux-x86_64-debian-gcc | 0.1.4 | 2.21 | 12.98 | 15.19 | NOTE | |
r-devel-linux-x86_64-fedora-clang | 0.1.4 | 38.64 | NOTE | |||
r-devel-linux-x86_64-fedora-gcc | 0.1.4 | 39.07 | NOTE | |||
r-prerel-macos-arm64 | 0.1.4 | 16.00 | NOTE | |||
r-prerel-windows-x86_64 | 0.1.4 | 5.00 | 42.00 | 47.00 | NOTE | |
r-patched-linux-x86_64 | 0.1.4 | 3.29 | 21.65 | 24.94 | NOTE | |
r-release-linux-x86_64 | 0.1.4 | 3.30 | 14.87 | 18.17 | OK | |
r-release-macos-arm64 | 0.1.4 | 17.00 | OK | |||
r-release-macos-x86_64 | 0.1.4 | 22.00 | OK | |||
r-release-windows-x86_64 | 0.1.4 | 4.00 | 41.00 | 45.00 | OK | |
r-oldrel-macos-arm64 | 0.1.4 | 20.00 | OK | |||
r-oldrel-windows-x86_64 | 0.1.4 | 16.00 | 46.00 | 62.00 | OK |
Version: 0.1.4
Check: Rd files
Result: NOTE
checkRd: (-1) fitaep.Rd:14: Lost braces
14 | \item A sequence of goodness-of-fit measures consist of Akaike Information Criterion (\code{AIC}), Consistent Akaike Information Criterion (\code{CAIC}), Bayesian Information Criterion (\code{BIC}), Hannan-Quinn information criterion (\code{HQIC}), Anderson-Darling (\code{AD}), Cram\'{e}er-von Misses (\code{CVM}), Kolmogorov-Smirnov (\code{KS}), and log-likelihood (\code{log-likelihood}) statistics.
| ^
Flavors: r-devel-linux-x86_64-debian-clang, r-devel-linux-x86_64-debian-gcc, r-devel-linux-x86_64-fedora-clang, r-devel-linux-x86_64-fedora-gcc, r-prerel-macos-arm64, r-prerel-windows-x86_64, r-patched-linux-x86_64