CRAN Package Check Results for Package AEDForecasting

Last updated on 2022-07-05 11:49:47 CEST.

Flavor Version Tinstall Tcheck Ttotal Status Flags
r-devel-linux-x86_64-debian-clang 0.20.0 2.23 26.40 28.63 NOTE
r-devel-linux-x86_64-debian-gcc 0.20.0 1.94 20.43 22.37 NOTE
r-devel-linux-x86_64-fedora-clang 0.20.0 46.33 NOTE
r-devel-linux-x86_64-fedora-gcc 0.20.0 45.51 NOTE
r-devel-windows-x86_64 0.20.0 9.00 49.00 58.00 NOTE
r-patched-linux-x86_64 0.20.0 2.58 25.26 27.84 NOTE
r-release-linux-x86_64 0.20.0 1.78 24.38 26.16 NOTE
r-release-macos-arm64 0.20.0 18.00 NOTE
r-release-macos-x86_64 0.20.0 23.00 NOTE
r-release-windows-x86_64 0.20.0 15.00 53.00 68.00 NOTE
r-oldrel-macos-arm64 0.20.0 21.00 NOTE
r-oldrel-macos-x86_64 0.20.0 26.00 NOTE
r-oldrel-windows-ix86+x86_64 0.20.0 7.00 64.00 71.00 NOTE

Check Details

Version: 0.20.0
Check: LazyData
Result: NOTE
     'LazyData' is specified without a 'data' directory
Flavors: r-devel-linux-x86_64-debian-clang, r-devel-linux-x86_64-debian-gcc, r-devel-linux-x86_64-fedora-clang, r-devel-linux-x86_64-fedora-gcc, r-devel-windows-x86_64, r-patched-linux-x86_64, r-release-linux-x86_64, r-release-macos-arm64, r-release-macos-x86_64, r-release-windows-x86_64, r-oldrel-macos-arm64, r-oldrel-macos-x86_64, r-oldrel-windows-ix86+x86_64