Last updated on 2024-04-19 11:56:38 CEST.
Flavor | Version | Tinstall | Tcheck | Ttotal | Status | Flags |
---|---|---|---|---|---|---|
r-devel-linux-x86_64-debian-clang | 1.0.22 | 6.92 | 87.07 | 93.99 | NOTE | |
r-devel-linux-x86_64-debian-gcc | 1.0.22 | NOTE | ||||
r-devel-linux-x86_64-fedora-clang | 1.0.22 | 121.16 | NOTE | |||
r-devel-linux-x86_64-fedora-gcc | 1.0.22 | 120.87 | NOTE | |||
r-prerel-macos-arm64 | 1.0.22 | 35.00 | WARN | |||
r-prerel-macos-x86_64 | 1.0.22 | 73.00 | NOTE | |||
r-prerel-windows-x86_64 | 1.0.22 | 7.00 | 91.00 | 98.00 | NOTE | |
r-patched-linux-x86_64 | 1.0.22 | 6.22 | 82.43 | 88.65 | NOTE | |
r-release-linux-x86_64 | 1.0.22 | 6.51 | 83.09 | 89.60 | OK | |
r-release-macos-arm64 | 1.0.22 | 44.00 | NOTE | |||
r-release-macos-x86_64 | 1.0.22 | 67.00 | NOTE | |||
r-release-windows-x86_64 | 1.0.22 | 9.00 | 103.00 | 112.00 | NOTE | |
r-oldrel-macos-arm64 | 1.0.22 | 32.00 | NOTE | |||
r-oldrel-windows-x86_64 | 1.0.22 | 9.00 | 102.00 | 111.00 | NOTE |
Version: 1.0.22
Check: Rd files
Result: NOTE
checkRd: (-1) SVMDECON.Rd:23: Lost braces; missing escapes or markup?
23 | and the best result from three values of v = {0.25, 0.5, 0.75}
| ^
Flavors: r-devel-linux-x86_64-debian-clang, r-devel-linux-x86_64-debian-gcc, r-devel-linux-x86_64-fedora-clang, r-devel-linux-x86_64-fedora-gcc, r-prerel-macos-arm64, r-prerel-windows-x86_64, r-patched-linux-x86_64
Version: 1.0.22
Check: installed package size
Result: NOTE
installed size is 7.6Mb
sub-directories of 1Mb or more:
doc 7.1Mb
Flavors: r-devel-linux-x86_64-fedora-clang, r-prerel-macos-arm64, r-prerel-macos-x86_64, r-prerel-windows-x86_64, r-release-macos-arm64, r-release-macos-x86_64, r-release-windows-x86_64, r-oldrel-macos-arm64, r-oldrel-windows-x86_64
Version: 1.0.22
Check: package dependencies
Result: WARN
Skipping vignette re-building
Package suggested but not available for checking: ‘R.rsp’
VignetteBuilder package required for checking but not installed: ‘R.rsp’
Flavor: r-prerel-macos-arm64
Version: 1.0.22
Check: package dependencies
Result: NOTE
Package suggested but not available for checking: ‘WGCNA’
Flavor: r-prerel-macos-x86_64
Version: 1.0.22
Check: package dependencies
Result: NOTE
Packages suggested but not available for checking: 'DeconRNASeq', 'WGCNA'
Flavors: r-release-macos-arm64, r-release-macos-x86_64