CRAN Package Check Results for Package ACDm

Last updated on 2025-05-04 12:48:35 CEST.

Flavor Version Tinstall Tcheck Ttotal Status Flags
r-devel-linux-x86_64-debian-clang 1.0.4.3 16.66 78.31 94.97 NOTE
r-devel-linux-x86_64-debian-gcc 1.0.4.3 10.34 54.94 65.28 NOTE
r-devel-linux-x86_64-fedora-clang 1.0.4.3 141.99 NOTE
r-devel-linux-x86_64-fedora-gcc 1.0.4.3 148.25 NOTE
r-devel-windows-x86_64 1.0.4.3 24.00 106.00 130.00 NOTE
r-patched-linux-x86_64 1.0.4.3 15.34 74.49 89.83 NOTE
r-release-linux-x86_64 1.0.4.3 15.77 74.71 90.48 NOTE
r-release-macos-arm64 1.0.4.3 46.00 OK
r-release-macos-x86_64 1.0.4.3 83.00 OK
r-release-windows-x86_64 1.0.4.3 24.00 99.00 123.00 NOTE
r-oldrel-macos-arm64 1.0.4.3 48.00 OK
r-oldrel-macos-x86_64 1.0.4.3 66.00 OK
r-oldrel-windows-x86_64 1.0.4.3 29.00 120.00 149.00 OK

Check Details

Version: 1.0.4.3
Check: CRAN incoming feasibility
Result: NOTE Maintainer: ‘Markus Belfrage <markus.belfrage@gmail.com>’ No Authors@R field in DESCRIPTION. Please add one, modifying Authors@R: person(given = "Markus", family = "Belfrage", role = c("aut", "cre"), email = "markus.belfrage@gmail.com") as necessary. Flavors: r-devel-linux-x86_64-debian-clang, r-devel-linux-x86_64-debian-gcc

Version: 1.0.4.3
Check: Rd cross-references
Result: NOTE Found the following Rd file(s) with Rd \link{} targets missing package anchors: acdFit.Rd: solnp plotScatterAcd.Rd: stat_smooth Please provide package anchors for all Rd \link{} targets not in the package itself and the base packages. Flavors: r-devel-linux-x86_64-debian-clang, r-devel-linux-x86_64-debian-gcc, r-devel-windows-x86_64, r-patched-linux-x86_64, r-release-linux-x86_64, r-release-windows-x86_64

Version: 1.0.4.3
Check: compiled code
Result: NOTE File ‘ACDm/libs/ACDm.so’: Found no calls to: ‘R_registerRoutines’, ‘R_useDynamicSymbols’ It is good practice to register native routines and to disable symbol search. See ‘Writing portable packages’ in the ‘Writing R Extensions’ manual. Flavors: r-devel-linux-x86_64-fedora-clang, r-devel-linux-x86_64-fedora-gcc