Last updated on 2024-05-21 11:53:54 CEST.
Flavor | Version | Tinstall | Tcheck | Ttotal | Status | Flags |
---|---|---|---|---|---|---|
r-devel-linux-x86_64-debian-clang | 1.0.7 | 25.12 | 32.89 | 58.01 | NOTE | |
r-devel-linux-x86_64-debian-gcc | 1.0.7 | 13.80 | 25.50 | 39.30 | NOTE | |
r-devel-linux-x86_64-fedora-clang | 1.0.7 | 125.50 | NOTE | |||
r-devel-linux-x86_64-fedora-gcc | 1.0.7 | 66.59 | NOTE | |||
r-devel-windows-x86_64 | 1.0.7 | 21.00 | 69.00 | 90.00 | NOTE | |
r-patched-linux-x86_64 | 1.0.7 | 14.97 | 31.90 | 46.87 | NOTE | |
r-release-linux-x86_64 | 1.0.7 | 12.41 | 30.91 | 43.32 | NOTE | |
r-release-macos-arm64 | 1.0.7 | 48.00 | NOTE | |||
r-release-windows-x86_64 | 1.0.7 | 19.00 | 67.00 | 86.00 | NOTE | |
r-oldrel-macos-arm64 | 1.0.7 | 49.00 | NOTE | |||
r-oldrel-macos-x86_64 | 1.0.7 | 123.00 | NOTE | |||
r-oldrel-windows-x86_64 | 1.0.7 | 23.00 | 75.00 | 98.00 | NOTE |
Version: 1.0.7
Check: C++ specification
Result: NOTE
Specified C++11: please drop specification unless essential
Flavors: r-devel-linux-x86_64-debian-clang, r-devel-linux-x86_64-debian-gcc, r-devel-linux-x86_64-fedora-clang, r-devel-linux-x86_64-fedora-gcc, r-devel-windows-x86_64, r-patched-linux-x86_64, r-release-linux-x86_64, r-release-macos-arm64, r-release-windows-x86_64, r-oldrel-macos-arm64, r-oldrel-macos-x86_64, r-oldrel-windows-x86_64
Version: 1.0.7
Check: compiled code
Result: NOTE
File ‘vdiffr/libs/vdiffr.so’:
Found non-API calls to R: ‘SETLENGTH’, ‘SET_TRUELENGTH’
Compiled code should not call non-API entry points in R.
See ‘Writing portable packages’ in the ‘Writing R Extensions’ manual.
Flavors: r-devel-linux-x86_64-debian-clang, r-devel-linux-x86_64-debian-gcc, r-devel-linux-x86_64-fedora-clang, r-devel-linux-x86_64-fedora-gcc
Version: 1.0.7
Check: compiled code
Result: NOTE
File 'vdiffr/libs/x64/vdiffr.dll':
Found non-API calls to R: 'SETLENGTH', 'SET_TRUELENGTH'
Compiled code should not call non-API entry points in R.
See 'Writing portable packages' in the 'Writing R Extensions' manual.
Flavor: r-devel-windows-x86_64