Last updated on 2024-05-21 11:53:54 CEST.
Flavor | Version | Tinstall | Tcheck | Ttotal | Status | Flags |
---|---|---|---|---|---|---|
r-devel-linux-x86_64-debian-clang | 1.3-3 | 10.76 | 65.44 | 76.20 | OK | |
r-devel-linux-x86_64-debian-gcc | 1.3-3 | 8.10 | 47.82 | 55.92 | WARN | |
r-devel-linux-x86_64-fedora-clang | 1.3-3 | 83.37 | WARN | |||
r-devel-linux-x86_64-fedora-gcc | 1.3-3 | 89.80 | WARN | |||
r-devel-windows-x86_64 | 1.3-3 | 12.00 | 76.00 | 88.00 | WARN | |
r-patched-linux-x86_64 | 1.3-3 | 9.71 | 60.21 | 69.92 | WARN | |
r-release-linux-x86_64 | 1.3-3 | 8.98 | 59.63 | 68.61 | OK | |
r-release-macos-arm64 | 1.3-3 | 31.00 | OK | |||
r-release-windows-x86_64 | 1.3-3 | 12.00 | 77.00 | 89.00 | OK | |
r-oldrel-macos-arm64 | 1.3-3 | 32.00 | OK | |||
r-oldrel-macos-x86_64 | 1.3-3 | 47.00 | OK | |||
r-oldrel-windows-x86_64 | 1.3-3 | 16.00 | 86.00 | 102.00 | OK |
Version: 1.3-3
Check: whether package can be installed
Result: WARN
Found the following significant warnings:
Warning: Fortran 2018 deleted feature: Shared DO termination label 21 at (1)
Warning: Fortran 2018 deleted feature: Shared DO termination label 24 at (1)
Warning: Fortran 2018 deleted feature: Shared DO termination label 5 at (1)
Warning: Fortran 2018 deleted feature: DO termination statement which is not END DO or CONTINUE with label 3 at (1)
Warning: Fortran 2018 deleted feature: DO termination statement which is not END DO or CONTINUE with label 11 at (1)
Warning: Fortran 2018 deleted feature: DO termination statement which is not END DO or CONTINUE with label 12 at (1)
Warning: Fortran 2018 deleted feature: DO termination statement which is not END DO or CONTINUE with label 14 at (1)
See ‘/home/hornik/tmp/R.check/r-devel-gcc/Work/PKGS/urca.Rcheck/00install.out’ for details.
* used C compiler: ‘gcc-13 (Debian 13.2.0-25) 13.2.0’
* used Fortran compiler: ‘GNU Fortran (Debian 13.2.0-25) 13.2.0’
Flavor: r-devel-linux-x86_64-debian-gcc
Version: 1.3-3
Check: whether package can be installed
Result: WARN
Found the following significant warnings:
./UnitRootMacKinnon.f:569:9: portability: A DO loop should terminate with an END DO or CONTINUE
./UnitRootMacKinnon.f:586:7: portability: A DO loop should terminate with an END DO or CONTINUE
./UnitRootMacKinnon.f:594:7: portability: A DO loop should terminate with an END DO or CONTINUE
./UnitRootMacKinnon.f:601:7: portability: A DO loop should terminate with an END DO or CONTINUE
See ‘/data/gannet/ripley/R/packages/tests-clang/urca.Rcheck/00install.out’ for details.
* used C compiler: ‘clang version 18.1.5’
* used Fortran compiler: ‘flang-new version 18.1.5’
Flavor: r-devel-linux-x86_64-fedora-clang
Version: 1.3-3
Check: whether package can be installed
Result: WARN
Found the following significant warnings:
Warning: Fortran 2018 deleted feature: Shared DO termination label 21 at (1)
Warning: Fortran 2018 deleted feature: Shared DO termination label 24 at (1)
Warning: Fortran 2018 deleted feature: Shared DO termination label 5 at (1)
Warning: Fortran 2018 deleted feature: DO termination statement which is not END DO or CONTINUE with label 3 at (1)
Warning: Fortran 2018 deleted feature: DO termination statement which is not END DO or CONTINUE with label 11 at (1)
Warning: Fortran 2018 deleted feature: DO termination statement which is not END DO or CONTINUE with label 12 at (1)
Warning: Fortran 2018 deleted feature: DO termination statement which is not END DO or CONTINUE with label 14 at (1)
See ‘/data/gannet/ripley/R/packages/tests-devel/urca.Rcheck/00install.out’ for details.
* used C compiler: ‘gcc-14 (GCC) 14.1.0’
* used Fortran compiler: ‘GNU Fortran (GCC) 14.1.0’
Flavor: r-devel-linux-x86_64-fedora-gcc
Version: 1.3-3
Check: whether package can be installed
Result: WARN
Found the following significant warnings:
Warning: Fortran 2018 deleted feature: Shared DO termination label 21 at (1)
Warning: Fortran 2018 deleted feature: Shared DO termination label 24 at (1)
Warning: Fortran 2018 deleted feature: Shared DO termination label 5 at (1)
Warning: Fortran 2018 deleted feature: DO termination statement which is not END DO or CONTINUE with label 3 at (1)
Warning: Fortran 2018 deleted feature: DO termination statement which is not END DO or CONTINUE with label 11 at (1)
Warning: Fortran 2018 deleted feature: DO termination statement which is not END DO or CONTINUE with label 12 at (1)
Warning: Fortran 2018 deleted feature: DO termination statement which is not END DO or CONTINUE with label 14 at (1)
See 'd:/Rcompile/CRANpkg/local/4.5/urca.Rcheck/00install.out' for details.
* used C compiler: 'gcc.exe (GCC) 13.2.0'
* used Fortran compiler: 'GNU Fortran (GCC) 13.2.0'
Flavor: r-devel-windows-x86_64
Version: 1.3-3
Check: whether package can be installed
Result: WARN
Found the following significant warnings:
Warning: Fortran 2018 deleted feature: Shared DO termination label 21 at (1)
Warning: Fortran 2018 deleted feature: Shared DO termination label 24 at (1)
Warning: Fortran 2018 deleted feature: Shared DO termination label 5 at (1)
Warning: Fortran 2018 deleted feature: DO termination statement which is not END DO or CONTINUE with label 3 at (1)
Warning: Fortran 2018 deleted feature: DO termination statement which is not END DO or CONTINUE with label 11 at (1)
Warning: Fortran 2018 deleted feature: DO termination statement which is not END DO or CONTINUE with label 12 at (1)
Warning: Fortran 2018 deleted feature: DO termination statement which is not END DO or CONTINUE with label 14 at (1)
See ‘/home/hornik/tmp/R.check/r-patched-gcc/Work/PKGS/urca.Rcheck/00install.out’ for details.
* used C compiler: ‘gcc-13 (Debian 13.2.0-24) 13.2.0’
* used Fortran compiler: ‘GNU Fortran (Debian 13.2.0-24) 13.2.0’
Flavor: r-patched-linux-x86_64