Last updated on 2024-05-12 10:57:45 CEST.
Flavor | Version | Tinstall | Tcheck | Ttotal | Status | Flags |
---|---|---|---|---|---|---|
r-devel-linux-x86_64-debian-clang | 1.7-71 | 666.06 | 470.65 | 1136.71 | OK | |
r-devel-linux-x86_64-debian-gcc | 1.7-71 | 573.45 | 329.14 | 902.59 | OK | |
r-devel-linux-x86_64-fedora-clang | 1.7-71 | 1541.05 | NOTE | |||
r-devel-linux-x86_64-fedora-gcc | 1.7-71 | 1863.95 | OK | |||
r-devel-windows-x86_64 | 1.7-71 | 466.00 | 5.00 | 471.00 | ERROR | |
r-patched-linux-x86_64 | 1.7-71 | 691.70 | 447.52 | 1139.22 | OK | |
r-release-linux-x86_64 | 1.7-71 | 709.41 | 446.40 | 1155.81 | OK | |
r-release-macos-arm64 | 1.7-71 | 291.00 | NOTE | |||
r-release-macos-x86_64 | 1.7-71 | 719.00 | NOTE | |||
r-release-windows-x86_64 | 1.7-71 | 460.00 | 6.00 | 466.00 | ERROR | |
r-oldrel-macos-arm64 | 1.7-71 | 373.00 | NOTE | |||
r-oldrel-macos-x86_64 | 1.7-71 | 718.00 | NOTE | |||
r-oldrel-windows-x86_64 | 1.7-71 | 652.00 | 1162.00 | 1814.00 | NOTE |
Version: 1.7-71
Check: installed package size
Result: NOTE
installed size is 10.0Mb
sub-directories of 1Mb or more:
R 2.3Mb
libs 6.3Mb
Flavors: r-devel-linux-x86_64-fedora-clang, r-release-macos-arm64, r-release-macos-x86_64, r-oldrel-macos-arm64, r-oldrel-macos-x86_64, r-oldrel-windows-x86_64
Version: 1.7-71
Check: whether package can be installed
Result: ERROR
Installation failed.
Flavors: r-devel-windows-x86_64, r-release-windows-x86_64