Last updated on 2024-05-21 11:53:53 CEST.
Flavor | Version | Tinstall | Tcheck | Ttotal | Status | Flags |
---|---|---|---|---|---|---|
r-devel-linux-x86_64-debian-clang | 0.6.4 | 65.06 | 131.00 | 196.06 | NOTE | |
r-devel-linux-x86_64-debian-gcc | 0.6.4 | 46.12 | 96.40 | 142.52 | NOTE | |
r-devel-linux-x86_64-fedora-clang | 0.6.4 | 249.58 | OK | |||
r-devel-linux-x86_64-fedora-gcc | 0.6.4 | 252.07 | OK | |||
r-devel-windows-x86_64 | 0.6.4 | 48.00 | 130.00 | 178.00 | OK | |
r-patched-linux-x86_64 | 0.6.4 | 47.31 | 124.82 | 172.13 | NOTE | |
r-release-linux-x86_64 | 0.6.4 | 47.21 | 124.71 | 171.92 | NOTE | |
r-release-macos-arm64 | 0.6.4 | 67.00 | NOTE | |||
r-release-windows-x86_64 | 0.6.4 | 51.00 | 127.00 | 178.00 | OK | |
r-oldrel-macos-arm64 | 0.6.4 | 75.00 | NOTE | |||
r-oldrel-macos-x86_64 | 0.6.4 | 134.00 | NOTE | |||
r-oldrel-windows-x86_64 | 0.6.4 | 62.00 | 159.00 | 221.00 | NOTE |
Version: 0.6.4
Check: package dependencies
Result: NOTE
Package suggested but not available for checking: ‘INLA’
Flavors: r-devel-linux-x86_64-debian-clang, r-devel-linux-x86_64-debian-gcc, r-patched-linux-x86_64, r-release-linux-x86_64, r-release-macos-arm64, r-oldrel-macos-arm64, r-oldrel-macos-x86_64, r-oldrel-windows-x86_64
Version: 0.6.4
Check: installed package size
Result: NOTE
installed size is 13.3Mb
sub-directories of 1Mb or more:
libs 12.8Mb
Flavors: r-release-macos-arm64, r-oldrel-macos-arm64, r-oldrel-macos-x86_64