Last updated on 2024-05-23 13:49:33 CEST.
Flavor | Version | Tinstall | Tcheck | Ttotal | Status | Flags |
---|---|---|---|---|---|---|
r-devel-linux-x86_64-debian-clang | 0.10.2 | 10.34 | 97.03 | 107.37 | OK | |
r-devel-linux-x86_64-debian-gcc | 0.10.2 | 7.43 | 70.49 | 77.92 | OK | |
r-devel-linux-x86_64-fedora-clang | 0.10.2 | 135.39 | NOTE | |||
r-devel-linux-x86_64-fedora-gcc | 0.10.2 | 124.29 | NOTE | |||
r-devel-windows-x86_64 | 0.10.2 | 7.00 | 81.00 | 88.00 | OK | |
r-patched-linux-x86_64 | 0.10.2 | 9.60 | 96.50 | 106.10 | OK | |
r-release-linux-x86_64 | 0.10.2 | 7.24 | 94.69 | 101.93 | OK | |
r-release-macos-arm64 | 0.10.2 | 36.00 | OK | |||
r-release-windows-x86_64 | 0.10.2 | 7.00 | 81.00 | 88.00 | OK | |
r-oldrel-macos-arm64 | 0.10.2 | 38.00 | OK | |||
r-oldrel-macos-x86_64 | 0.10.2 | 88.00 | OK | |||
r-oldrel-windows-x86_64 | 0.10.2 | 7.00 | 97.00 | 104.00 | OK |
Version: 0.10.2
Check: data for non-ASCII characters
Result: NOTE
Note: found 83 marked UTF-8 strings
Flavors: r-devel-linux-x86_64-fedora-clang, r-devel-linux-x86_64-fedora-gcc