Last updated on 2024-05-21 11:53:50 CEST.
Flavor | Version | Tinstall | Tcheck | Ttotal | Status | Flags |
---|---|---|---|---|---|---|
r-devel-linux-x86_64-debian-clang | 0.1.3 | 140.44 | 315.96 | 456.40 | OK | |
r-devel-linux-x86_64-debian-gcc | 0.1.3 | 105.07 | 213.80 | 318.87 | OK | |
r-devel-linux-x86_64-fedora-clang | 0.1.3 | 562.78 | OK | |||
r-devel-linux-x86_64-fedora-gcc | 0.1.3 | 551.63 | OK | |||
r-devel-windows-x86_64 | 0.1.3 | 111.00 | 212.00 | 323.00 | OK | |
r-patched-linux-x86_64 | 0.1.3 | 125.99 | 276.46 | 402.45 | OK | |
r-release-linux-x86_64 | 0.1.3 | 116.95 | 288.31 | 405.26 | OK | |
r-release-macos-arm64 | 0.1.3 | 115.00 | NOTE | |||
r-release-macos-x86_64 | 0.1.3 | 234.00 | NOTE | |||
r-release-windows-x86_64 | 0.1.3 | 111.00 | 212.00 | 323.00 | OK | |
r-oldrel-macos-arm64 | 0.1.3 | 114.00 | NOTE | |||
r-oldrel-macos-x86_64 | 0.1.3 | 230.00 | NOTE | |||
r-oldrel-windows-x86_64 | 0.1.3 | 140.00 | 279.00 | 419.00 | OK |
Version: 0.1.3
Check: installed package size
Result: NOTE
installed size is 5.1Mb
sub-directories of 1Mb or more:
R 2.0Mb
libs 2.3Mb
Flavors: r-release-macos-arm64, r-release-macos-x86_64, r-oldrel-macos-arm64, r-oldrel-macos-x86_64