Last updated on 2024-05-21 11:53:48 CEST.
Flavor | Version | Tinstall | Tcheck | Ttotal | Status | Flags |
---|---|---|---|---|---|---|
r-devel-linux-x86_64-debian-clang | 0.3 | 8.28 | 67.66 | 75.94 | WARN | |
r-devel-linux-x86_64-debian-gcc | 0.3 | 6.32 | 47.28 | 53.60 | OK | |
r-devel-linux-x86_64-fedora-clang | 0.3 | 88.69 | OK | |||
r-devel-linux-x86_64-fedora-gcc | 0.3 | 83.41 | OK | |||
r-devel-windows-x86_64 | 0.3 | 9.00 | 68.00 | 77.00 | OK | |
r-patched-linux-x86_64 | 0.3 | 8.65 | 62.60 | 71.25 | OK | |
r-release-linux-x86_64 | 0.3 | 7.78 | 61.94 | 69.72 | OK | |
r-release-macos-arm64 | 0.3 | 23.00 | OK | |||
r-release-windows-x86_64 | 0.3 | 10.00 | 69.00 | 79.00 | OK | |
r-oldrel-macos-arm64 | 0.3 | 25.00 | OK | |||
r-oldrel-macos-x86_64 | 0.3 | 39.00 | OK | |||
r-oldrel-windows-x86_64 | 0.3 | 12.00 | 76.00 | 88.00 | OK |
Version: 0.3
Check: dependencies in R code
Result: NOTE
Fortran STOP
IEEE arithmetic exceptions signaled: INEXACT
Flavor: r-devel-linux-x86_64-debian-clang
Version: 0.3
Check: S3 generic/method consistency
Result: WARN
Fortran STOP
IEEE arithmetic exceptions signaled: INEXACT
See section ‘Generic functions and methods’ in the ‘Writing R
Extensions’ manual.
Flavor: r-devel-linux-x86_64-debian-clang
Version: 0.3
Check: replacement functions
Result: WARN
Fortran STOP
IEEE arithmetic exceptions signaled: INEXACT
The argument of a replacement function which corresponds to the right
hand side must be named ‘value’.
Flavor: r-devel-linux-x86_64-debian-clang
Version: 0.3
Check: foreign function calls
Result: NOTE
Fortran STOP
IEEE arithmetic exceptions signaled: INEXACT
See chapter ‘System and foreign language interfaces’ in the ‘Writing R
Extensions’ manual.
Flavor: r-devel-linux-x86_64-debian-clang
Version: 0.3
Check: R code for possible problems
Result: NOTE
Fortran STOP
IEEE arithmetic exceptions signaled: INEXACT
Fortran STOP
IEEE arithmetic exceptions signaled: INEXACT
Fortran STOP
IEEE arithmetic exceptions signaled: INEXACT
Flavor: r-devel-linux-x86_64-debian-clang
Version: 0.3
Check: for missing documentation entries
Result: WARN
Fortran STOP
IEEE arithmetic exceptions signaled: INEXACT
All user-level objects in a package should have documentation entries.
See chapter ‘Writing R documentation files’ in the ‘Writing R
Extensions’ manual.
Flavor: r-devel-linux-x86_64-debian-clang
Version: 0.3
Check: for code/documentation mismatches
Result: WARN
Fortran STOP
IEEE arithmetic exceptions signaled: INEXACT
Fortran STOP
IEEE arithmetic exceptions signaled: INEXACT
Fortran STOP
IEEE arithmetic exceptions signaled: INEXACT
Flavor: r-devel-linux-x86_64-debian-clang
Version: 0.3
Check: Rd \usage sections
Result: NOTE
Fortran STOP
IEEE arithmetic exceptions signaled: INEXACT
The \usage entries for S3 methods should use the \method markup and not
their full name.
See chapter ‘Writing R documentation files’ in the ‘Writing R
Extensions’ manual.
Flavor: r-devel-linux-x86_64-debian-clang