Last updated on 2024-05-21 11:53:47 CEST.
Flavor | Version | Tinstall | Tcheck | Ttotal | Status | Flags |
---|---|---|---|---|---|---|
r-devel-linux-x86_64-debian-clang | 0.2.6 | 4.45 | 49.28 | 53.73 | OK | |
r-devel-linux-x86_64-debian-gcc | 0.2.6 | 3.85 | 0.02 | 3.87 | FAIL | |
r-devel-linux-x86_64-fedora-clang | 0.2.6 | 68.02 | OK | |||
r-devel-linux-x86_64-fedora-gcc | 0.2.6 | 58.63 | ERROR | |||
r-devel-windows-x86_64 | 0.2.6 | 4.00 | 7272.00 | 7276.00 | OK | |
r-patched-linux-x86_64 | 0.2.6 | 5.80 | 46.41 | 52.21 | OK | |
r-release-linux-x86_64 | 0.2.6 | 4.74 | 0.02 | 4.76 | FAIL | |
r-release-macos-arm64 | 0.2.6 | 24.00 | OK | |||
r-release-windows-x86_64 | 0.2.6 | 6.00 | 58.00 | 64.00 | OK | |
r-oldrel-macos-arm64 | 0.2.6 | 28.00 | OK | |||
r-oldrel-macos-x86_64 | 0.2.6 | 64.00 | OK | |||
r-oldrel-windows-x86_64 | 0.2.6 | 5.00 | 14483.00 | 14488.00 | OK |
Version: 0.2.6
Check: tests
Result: FAIL
Flavors: r-devel-linux-x86_64-debian-gcc, r-release-linux-x86_64
Version: 0.2.6
Check: tests
Result: ERROR
Running ‘testthat.R’ [0m/90m]
Running the tests in ‘tests/testthat.R’ failed.
Complete output:
> library(testthat)
> library(samadb)
samadb 0.2.6, see help(samadb)
>
> test_check("samadb")
Flavor: r-devel-linux-x86_64-fedora-gcc