Last updated on 2024-05-21 11:53:51 CEST.
Flavor | Version | Tinstall | Tcheck | Ttotal | Status | Flags |
---|---|---|---|---|---|---|
r-devel-linux-x86_64-debian-clang | 1.0.0 | 7.57 | 69.02 | 76.59 | NOTE | |
r-devel-linux-x86_64-debian-gcc | 1.0.0 | 5.83 | 51.44 | 57.27 | NOTE | |
r-devel-linux-x86_64-fedora-clang | 1.0.0 | 101.83 | NOTE | |||
r-devel-linux-x86_64-fedora-gcc | 1.0.0 | 89.85 | NOTE | |||
r-devel-windows-x86_64 | 1.0.0 | 8.00 | 70.00 | 78.00 | NOTE | |
r-patched-linux-x86_64 | 1.0.0 | 5.31 | 66.27 | 71.58 | NOTE | |
r-release-linux-x86_64 | 1.0.0 | 6.78 | 66.00 | 72.78 | NOTE | |
r-release-macos-arm64 | 1.0.0 | 31.00 | NOTE | |||
r-release-windows-x86_64 | 1.0.0 | 7.00 | 71.00 | 78.00 | NOTE | |
r-oldrel-macos-arm64 | 1.0.0 | 34.00 | NOTE | |||
r-oldrel-macos-x86_64 | 1.0.0 | 53.00 | NOTE | |||
r-oldrel-windows-x86_64 | 1.0.0 | 10.00 | 80.00 | 90.00 | NOTE |
Version: 1.0.0
Check: LazyData
Result: NOTE
'LazyData' is specified without a 'data' directory
Flavors: r-devel-linux-x86_64-debian-clang, r-devel-linux-x86_64-debian-gcc, r-devel-linux-x86_64-fedora-clang, r-devel-linux-x86_64-fedora-gcc, r-devel-windows-x86_64, r-patched-linux-x86_64, r-release-linux-x86_64, r-release-macos-arm64, r-release-windows-x86_64, r-oldrel-macos-arm64, r-oldrel-macos-x86_64, r-oldrel-windows-x86_64