Last updated on 2024-05-12 10:57:40 CEST.
Flavor | Version | Tinstall | Tcheck | Ttotal | Status | Flags |
---|---|---|---|---|---|---|
r-devel-linux-x86_64-debian-clang | 0.5.0 | 7.50 | 89.47 | 96.97 | NOTE | |
r-devel-linux-x86_64-debian-gcc | 0.5.0 | 4.88 | 68.00 | 72.88 | NOTE | |
r-devel-linux-x86_64-fedora-gcc | 0.5.0 | 189.45 | NOTE | |||
r-devel-windows-x86_64 | 0.5.0 | 8.00 | 91.00 | 99.00 | NOTE | |
r-patched-linux-x86_64 | 0.5.0 | 7.27 | 88.97 | 96.24 | NOTE | |
r-release-linux-x86_64 | 0.5.0 | 6.63 | 86.10 | 92.73 | NOTE | |
r-release-macos-arm64 | 0.5.0 | 42.00 | NOTE | |||
r-release-windows-x86_64 | 0.5.0 | 8.00 | 84.00 | 92.00 | NOTE | |
r-oldrel-macos-arm64 | 0.5.0 | 42.00 | OK | |||
r-oldrel-macos-x86_64 | 0.5.0 | 77.00 | OK | |||
r-oldrel-windows-x86_64 | 0.5.0 | 8.00 | 91.00 | 99.00 | OK |
Version: 0.5.0
Check: Rd files
Result: NOTE
checkRd: (-1) ms_simplify.Rd:36: Lost braces
36 | \url{https://github.com/mbloch/mapshaper/wiki/Simplification-Tips}{link}
| ^
Flavors: r-devel-linux-x86_64-debian-clang, r-devel-linux-x86_64-debian-gcc, r-devel-linux-x86_64-fedora-gcc, r-devel-windows-x86_64, r-patched-linux-x86_64, r-release-linux-x86_64, r-release-macos-arm64, r-release-windows-x86_64