Last updated on 2024-05-23 13:49:26 CEST.
Flavor | Version | Tinstall | Tcheck | Ttotal | Status | Flags |
---|---|---|---|---|---|---|
r-devel-linux-x86_64-debian-clang | 0.3.0 | 2.21 | 31.93 | 34.14 | NOTE | |
r-devel-linux-x86_64-debian-gcc | 0.3.0 | 1.76 | 23.83 | 25.59 | NOTE | |
r-devel-linux-x86_64-fedora-clang | 0.3.0 | 45.32 | NOTE | |||
r-devel-linux-x86_64-fedora-gcc | 0.3.0 | 53.16 | NOTE | |||
r-devel-windows-x86_64 | 0.3.0 | 4.00 | 46.00 | 50.00 | NOTE | |
r-patched-linux-x86_64 | 0.3.0 | 2.76 | 30.36 | 33.12 | NOTE | |
r-release-linux-x86_64 | 0.3.0 | 2.66 | 30.39 | 33.05 | NOTE | |
r-release-macos-arm64 | 0.3.0 | 25.00 | NOTE | |||
r-release-windows-x86_64 | 0.3.0 | 3.00 | 45.00 | 48.00 | NOTE | |
r-oldrel-macos-arm64 | 0.3.0 | 37.00 | NOTE | |||
r-oldrel-macos-x86_64 | 0.3.0 | 33.00 | NOTE | |||
r-oldrel-windows-x86_64 | 0.3.0 | 4.00 | 49.00 | 53.00 | NOTE |
Version: 0.3.0
Check: LazyData
Result: NOTE
'LazyData' is specified without a 'data' directory
Flavors: r-devel-linux-x86_64-debian-clang, r-devel-linux-x86_64-debian-gcc, r-devel-linux-x86_64-fedora-clang, r-devel-linux-x86_64-fedora-gcc, r-devel-windows-x86_64, r-patched-linux-x86_64, r-release-linux-x86_64, r-release-macos-arm64, r-release-windows-x86_64, r-oldrel-macos-arm64, r-oldrel-macos-x86_64, r-oldrel-windows-x86_64