Last updated on 2024-05-11 12:48:09 CEST.
Flavor | Version | Tinstall | Tcheck | Ttotal | Status | Flags |
---|---|---|---|---|---|---|
r-devel-linux-x86_64-debian-clang | 1.5.1 | 4.24 | 62.59 | 66.83 | OK | |
r-devel-linux-x86_64-debian-gcc | 1.5.1 | 2.75 | 48.62 | 51.37 | OK | |
r-devel-linux-x86_64-fedora-clang | 1.5.1 | 82.54 | OK | |||
r-devel-linux-x86_64-fedora-gcc | 1.5.1 | 99.37 | OK | |||
r-devel-windows-x86_64 | 1.5.1 | 4.00 | 75.00 | 79.00 | OK | |
r-patched-linux-x86_64 | 1.5.1 | 2.97 | 60.37 | 63.34 | OK | |
r-release-linux-x86_64 | 1.5.1 | 3.21 | 61.04 | 64.25 | OK | |
r-release-macos-arm64 | 1.5.1 | 32.00 | NOTE | |||
r-release-windows-x86_64 | 1.5.1 | 5.00 | 73.00 | 78.00 | OK | |
r-oldrel-macos-arm64 | 1.5.1 | 33.00 | NOTE | |||
r-oldrel-macos-x86_64 | 1.5.1 | 49.00 | NOTE | |||
r-oldrel-windows-x86_64 | 1.5.1 | 5.00 | 85.00 | 90.00 | OK |
Version: 1.5.1
Check: package dependencies
Result: NOTE
Package suggested but not available for checking: ‘Rmpi’
Flavors: r-release-macos-arm64, r-oldrel-macos-arm64, r-oldrel-macos-x86_64