Last updated on 2024-04-28 12:54:42 CEST.
Flavor | Version | Tinstall | Tcheck | Ttotal | Status | Flags |
---|---|---|---|---|---|---|
r-devel-linux-x86_64-debian-clang | 0.1.1 | 2.74 | 31.43 | 34.17 | NOTE | |
r-devel-linux-x86_64-debian-gcc | 0.1.1 | 1.78 | 24.36 | 26.14 | NOTE | |
r-devel-linux-x86_64-fedora-clang | 0.1.1 | 42.62 | NOTE | |||
r-devel-linux-x86_64-fedora-gcc | 0.1.1 | 40.50 | NOTE | |||
r-devel-windows-x86_64 | 0.1.1 | 3.00 | 46.00 | 49.00 | NOTE | |
r-patched-linux-x86_64 | 0.1.1 | 3.19 | 30.21 | 33.40 | NOTE | |
r-release-linux-x86_64 | 0.1.1 | 2.61 | 29.38 | 31.99 | NOTE | |
r-release-macos-arm64 | 0.1.1 | 18.00 | NOTE | |||
r-release-windows-x86_64 | 0.1.1 | 3.00 | 46.00 | 49.00 | NOTE | |
r-oldrel-macos-arm64 | 0.1.1 | 18.00 | NOTE | |||
r-oldrel-macos-x86_64 | 0.1.1 | 26.00 | NOTE | |||
r-oldrel-windows-x86_64 | 0.1.1 | 4.00 | 47.00 | 51.00 | NOTE |
Version: 0.1.1
Check: Rd files
Result: NOTE
checkRd: (-1) btsdemo.Rd:22: Escaped LaTeX specials: \_
checkRd: (-1) btsdemo.Rd:23: Escaped LaTeX specials: \_
checkRd: (-1) btsdemo.Rd:24: Escaped LaTeX specials: \_
checkRd: (-1) btsdemo.Rd:25: Escaped LaTeX specials: \_
checkRd: (-1) btsdemo.Rd:26: Escaped LaTeX specials: \_
checkRd: (-1) btsdemo.Rd:30: Escaped LaTeX specials: \_
Flavors: r-devel-linux-x86_64-debian-clang, r-devel-linux-x86_64-debian-gcc, r-devel-linux-x86_64-fedora-clang, r-devel-linux-x86_64-fedora-gcc, r-devel-windows-x86_64, r-patched-linux-x86_64, r-release-linux-x86_64, r-release-macos-arm64, r-release-windows-x86_64, r-oldrel-macos-arm64, r-oldrel-macos-x86_64, r-oldrel-windows-x86_64