Last updated on 2024-05-23 13:49:24 CEST.
Flavor | Version | Tinstall | Tcheck | Ttotal | Status | Flags |
---|---|---|---|---|---|---|
r-devel-linux-x86_64-debian-clang | 0.0.2 | 7.54 | 99.25 | 106.79 | NOTE | |
r-devel-linux-x86_64-debian-gcc | 0.0.2 | 4.43 | 74.22 | 78.65 | NOTE | |
r-devel-linux-x86_64-fedora-clang | 0.0.2 | 132.27 | NOTE | |||
r-devel-linux-x86_64-fedora-gcc | 0.0.2 | 139.78 | NOTE | |||
r-devel-windows-x86_64 | 0.0.2 | 7.00 | 87.00 | 94.00 | NOTE | |
r-patched-linux-x86_64 | 0.0.2 | 10.11 | 92.30 | 102.41 | NOTE | |
r-release-linux-x86_64 | 0.0.2 | 4.72 | 92.39 | 97.11 | NOTE | |
r-release-macos-arm64 | 0.0.2 | 38.00 | NOTE | |||
r-release-windows-x86_64 | 0.0.2 | 7.00 | 93.00 | 100.00 | NOTE | |
r-oldrel-macos-arm64 | 0.0.2 | 46.00 | NOTE | |||
r-oldrel-macos-x86_64 | 0.0.2 | 72.00 | NOTE | |||
r-oldrel-windows-x86_64 | 0.0.2 | 9.00 | 100.00 | 109.00 | NOTE |
Version: 0.0.2
Check: LazyData
Result: NOTE
'LazyData' is specified without a 'data' directory
Flavors: r-devel-linux-x86_64-debian-clang, r-devel-linux-x86_64-debian-gcc, r-devel-linux-x86_64-fedora-clang, r-devel-linux-x86_64-fedora-gcc, r-devel-windows-x86_64, r-patched-linux-x86_64, r-release-linux-x86_64, r-release-macos-arm64, r-release-windows-x86_64, r-oldrel-macos-arm64, r-oldrel-macos-x86_64, r-oldrel-windows-x86_64