Last updated on 2024-06-04 13:51:15 CEST.
Flavor | Version | Tinstall | Tcheck | Ttotal | Status | Flags |
---|---|---|---|---|---|---|
r-devel-linux-x86_64-debian-clang | 1.4.0 | 66.11 | 33.16 | 99.27 | NOTE | |
r-devel-linux-x86_64-debian-gcc | 1.4.0 | 44.50 | 25.49 | 69.99 | NOTE | |
r-devel-linux-x86_64-fedora-clang | 1.4.0 | 153.95 | NOTE | |||
r-devel-linux-x86_64-fedora-gcc | 1.4.0 | 155.23 | NOTE | |||
r-devel-windows-x86_64 | 1.4.0 | 54.00 | 72.00 | 126.00 | NOTE | |
r-patched-linux-x86_64 | 1.4.0 | 60.34 | 33.09 | 93.43 | NOTE | |
r-release-linux-x86_64 | 1.4.0 | 63.32 | 31.92 | 95.24 | NOTE | |
r-release-macos-arm64 | 1.4.0 | 34.00 | NOTE | |||
r-release-windows-x86_64 | 1.4.0 | 50.00 | 77.00 | 127.00 | NOTE | |
r-oldrel-macos-arm64 | 1.4.0 | 39.00 | NOTE | |||
r-oldrel-macos-x86_64 | 1.4.0 | 70.00 | NOTE | |||
r-oldrel-windows-x86_64 | 1.4.0 | 65.00 | 84.00 | 149.00 | NOTE |
Version: 1.4.0
Check: C++ specification
Result: NOTE
Specified C++11: please drop specification unless essential
Flavors: r-devel-linux-x86_64-debian-clang, r-devel-linux-x86_64-debian-gcc, r-devel-linux-x86_64-fedora-clang, r-devel-linux-x86_64-fedora-gcc, r-devel-windows-x86_64, r-patched-linux-x86_64, r-release-linux-x86_64, r-release-macos-arm64, r-release-windows-x86_64, r-oldrel-macos-arm64, r-oldrel-macos-x86_64, r-oldrel-windows-x86_64
Version: 1.4.0
Check: package subdirectories
Result: NOTE
Problems with news in ‘NEWS.md’:
No news entries found.
Flavors: r-devel-linux-x86_64-debian-clang, r-devel-linux-x86_64-debian-gcc, r-devel-linux-x86_64-fedora-clang, r-devel-linux-x86_64-fedora-gcc, r-devel-windows-x86_64, r-patched-linux-x86_64, r-release-linux-x86_64, r-release-macos-arm64, r-release-windows-x86_64, r-oldrel-macos-arm64, r-oldrel-macos-x86_64, r-oldrel-windows-x86_64