Last updated on 2024-05-21 11:53:39 CEST.
Flavor | Version | Tinstall | Tcheck | Ttotal | Status | Flags |
---|---|---|---|---|---|---|
r-devel-linux-x86_64-debian-clang | 0.2.2 | 7.26 | 90.19 | 97.45 | NOTE | |
r-devel-linux-x86_64-debian-gcc | 0.2.2 | 5.23 | 71.12 | 76.35 | NOTE | |
r-devel-linux-x86_64-fedora-clang | 0.2.2 | 127.66 | NOTE | |||
r-devel-linux-x86_64-fedora-gcc | 0.2.2 | 134.75 | NOTE | |||
r-devel-windows-x86_64 | 0.2.2 | 7.00 | 105.00 | 112.00 | NOTE | |
r-patched-linux-x86_64 | 0.2.2 | 5.80 | 90.23 | 96.03 | NOTE | |
r-release-linux-x86_64 | 0.2.2 | 5.08 | 88.11 | 93.19 | NOTE | |
r-release-macos-arm64 | 0.2.2 | 39.00 | NOTE | |||
r-release-windows-x86_64 | 0.2.2 | 7.00 | 76.00 | 83.00 | NOTE | |
r-oldrel-macos-arm64 | 0.2.2 | 47.00 | NOTE | |||
r-oldrel-macos-x86_64 | 0.2.2 | 66.00 | NOTE | |||
r-oldrel-windows-x86_64 | 0.2.2 | 9.00 | 85.00 | 94.00 | NOTE |
Version: 0.2.2
Check: LazyData
Result: NOTE
'LazyData' is specified without a 'data' directory
Flavors: r-devel-linux-x86_64-debian-clang, r-devel-linux-x86_64-debian-gcc, r-devel-linux-x86_64-fedora-clang, r-devel-linux-x86_64-fedora-gcc, r-devel-windows-x86_64, r-patched-linux-x86_64, r-release-linux-x86_64, r-release-macos-arm64, r-release-windows-x86_64, r-oldrel-macos-arm64, r-oldrel-macos-x86_64, r-oldrel-windows-x86_64