Last updated on 2024-05-23 13:49:21 CEST.
Flavor | Version | Tinstall | Tcheck | Ttotal | Status | Flags |
---|---|---|---|---|---|---|
r-devel-linux-x86_64-debian-clang | 1.1.0 | 12.45 | 196.65 | 209.10 | NOTE | |
r-devel-linux-x86_64-debian-gcc | 1.1.0 | 7.92 | 142.89 | 150.81 | NOTE | |
r-devel-linux-x86_64-fedora-clang | 1.1.0 | 249.73 | NOTE | |||
r-devel-linux-x86_64-fedora-gcc | 1.1.0 | 260.51 | NOTE | |||
r-devel-windows-x86_64 | 1.1.0 | 11.00 | 163.00 | 174.00 | NOTE | |
r-patched-linux-x86_64 | 1.1.0 | 17.98 | 181.09 | 199.07 | NOTE | |
r-release-linux-x86_64 | 1.1.0 | 10.40 | 172.91 | 183.31 | NOTE | |
r-release-macos-arm64 | 1.1.0 | 71.00 | NOTE | |||
r-release-windows-x86_64 | 1.1.0 | 13.00 | 161.00 | 174.00 | NOTE | |
r-oldrel-macos-arm64 | 1.1.0 | 73.00 | OK | |||
r-oldrel-macos-x86_64 | 1.1.0 | 98.00 | OK | |||
r-oldrel-windows-x86_64 | 1.1.0 | 14.00 | 191.00 | 205.00 | OK |
Version: 1.1.0
Check: Rd files
Result: NOTE
checkRd: (-1) examinee-class.Rd:61: Lost braces; missing escapes or markup?
61 | \item{\code{routing_based_on}}{a vector containing the routing was based on \code{estimated_theta_by_phase} or {estimated_theta_by_test} at each module position.}
| ^
Flavors: r-devel-linux-x86_64-debian-clang, r-devel-linux-x86_64-debian-gcc, r-devel-linux-x86_64-fedora-clang, r-devel-linux-x86_64-fedora-gcc, r-devel-windows-x86_64, r-patched-linux-x86_64, r-release-linux-x86_64, r-release-macos-arm64, r-release-windows-x86_64