Last updated on 2024-05-10 11:57:08 CEST.
Flavor | Version | Tinstall | Tcheck | Ttotal | Status | Flags |
---|---|---|---|---|---|---|
r-devel-linux-x86_64-debian-clang | 4.3.2 | 39.32 | 360.60 | 399.92 | OK | |
r-devel-linux-x86_64-debian-gcc | 4.3.2 | 34.44 | 254.98 | 289.42 | OK | |
r-devel-linux-x86_64-fedora-clang | 4.3.3 | 531.10 | NOTE | |||
r-devel-linux-x86_64-fedora-gcc | 4.3.3 | 522.16 | OK | |||
r-devel-windows-x86_64 | 4.3.3 | 34.00 | 270.00 | 304.00 | NOTE | |
r-patched-linux-x86_64 | 4.3.2 | 53.75 | 336.24 | 389.99 | OK | |
r-release-linux-x86_64 | 4.3.2 | 37.51 | 337.08 | 374.59 | OK | |
r-release-macos-arm64 | 4.3.2 | 134.00 | NOTE | |||
r-release-macos-x86_64 | 4.3.3 | 382.00 | NOTE | |||
r-release-windows-x86_64 | 4.3.2 | 38.00 | 255.00 | 293.00 | NOTE | |
r-oldrel-macos-arm64 | 4.3.2 | 131.00 | NOTE | |||
r-oldrel-macos-x86_64 | 4.3.3 | 315.00 | NOTE | |||
r-oldrel-windows-x86_64 | 4.3.3 | 34.00 | 270.00 | 304.00 | NOTE |
Version: 4.3.3
Check: installed package size
Result: NOTE
installed size is 8.8Mb
sub-directories of 1Mb or more:
R 1.3Mb
doc 6.1Mb
Flavors: r-devel-linux-x86_64-fedora-clang, r-devel-windows-x86_64, r-release-macos-x86_64, r-oldrel-macos-x86_64, r-oldrel-windows-x86_64
Version: 4.3.2
Check: installed package size
Result: NOTE
installed size is 9.4Mb
sub-directories of 1Mb or more:
R 2.1Mb
doc 6.0Mb
Flavors: r-release-macos-arm64, r-release-windows-x86_64, r-oldrel-macos-arm64
Version: 4.3.3
Check: package dependencies
Result: NOTE
Package suggested but not available for checking: ‘arrow’
Flavor: r-release-macos-x86_64