Last updated on 2024-05-21 11:53:37 CEST.
Flavor | Version | Tinstall | Tcheck | Ttotal | Status | Flags |
---|---|---|---|---|---|---|
r-devel-linux-x86_64-debian-clang | 0.2.6 | 1149.07 | 350.45 | 1499.52 | NOTE | |
r-devel-linux-x86_64-debian-gcc | 0.2.6 | 799.44 | 255.20 | 1054.64 | NOTE | |
r-devel-linux-x86_64-fedora-clang | 0.2.6 | 2137.80 | NOTE | |||
r-devel-linux-x86_64-fedora-gcc | 0.2.6 | 2284.08 | NOTE | |||
r-devel-windows-x86_64 | 0.2.6 | 877.00 | 397.00 | 1274.00 | NOTE | |
r-patched-linux-x86_64 | 0.2.6 | 1106.07 | 331.55 | 1437.62 | NOTE | |
r-release-linux-x86_64 | 0.2.6 | 1159.78 | 332.98 | 1492.76 | NOTE | |
r-release-macos-arm64 | 0.2.6 | 377.00 | NOTE | |||
r-release-windows-x86_64 | 0.2.6 | 865.00 | 396.00 | 1261.00 | NOTE | |
r-oldrel-macos-arm64 | 0.2.6 | 372.00 | NOTE | |||
r-oldrel-macos-x86_64 | 0.2.6 | 480.00 | NOTE | |||
r-oldrel-windows-x86_64 | 0.2.6 | 1047.00 | 463.00 | 1510.00 | NOTE |
Version: 0.2.6
Check: Rd files
Result: NOTE
checkRd: (-1) jSDM_binomial_probit_long_format.Rd:45: Lost braces
45 | \code{species} \tab numeric or character eqn{n_{obs}}{n_obs}-length vector indicating the species observed, \cr
| ^
checkRd: (-1) jSDM_binomial_probit_long_format.Rd:45: Lost braces; missing escapes or markup?
45 | \code{species} \tab numeric or character eqn{n_{obs}}{n_obs}-length vector indicating the species observed, \cr
| ^
checkRd: (-1) jSDM_binomial_probit_long_format.Rd:45: Lost braces
45 | \code{species} \tab numeric or character eqn{n_{obs}}{n_obs}-length vector indicating the species observed, \cr
| ^
Flavors: r-devel-linux-x86_64-debian-clang, r-devel-linux-x86_64-debian-gcc, r-devel-linux-x86_64-fedora-clang, r-devel-linux-x86_64-fedora-gcc, r-devel-windows-x86_64, r-patched-linux-x86_64, r-release-linux-x86_64, r-release-macos-arm64, r-release-windows-x86_64
Version: 0.2.6
Check: installed package size
Result: NOTE
installed size is 5.0Mb
sub-directories of 1Mb or more:
libs 3.6Mb
Flavors: r-devel-windows-x86_64, r-release-macos-arm64, r-release-windows-x86_64, r-oldrel-macos-arm64, r-oldrel-macos-x86_64, r-oldrel-windows-x86_64