Last updated on 2024-05-21 11:53:36 CEST.
Flavor | Version | Tinstall | Tcheck | Ttotal | Status | Flags |
---|---|---|---|---|---|---|
r-devel-linux-x86_64-debian-clang | 3.3.2 | 18.54 | 393.57 | 412.11 | OK | |
r-devel-linux-x86_64-debian-gcc | 3.3.2 | 11.12 | 291.70 | 302.82 | OK | |
r-devel-linux-x86_64-fedora-clang | 3.3.2 | 509.58 | NOTE | |||
r-devel-linux-x86_64-fedora-gcc | 3.3.2 | 494.66 | OK | |||
r-devel-windows-x86_64 | 3.3.2 | 14.00 | 288.00 | 302.00 | NOTE | |
r-patched-linux-x86_64 | 3.3.2 | 19.18 | 382.56 | 401.74 | OK | |
r-release-linux-x86_64 | 3.3.2 | 10.48 | 384.31 | 394.79 | OK | |
r-release-macos-arm64 | 3.3.2 | 137.00 | NOTE | |||
r-release-macos-x86_64 | 3.3.2 | 307.00 | NOTE | |||
r-release-windows-x86_64 | 3.3.2 | 17.00 | 278.00 | 295.00 | NOTE | |
r-oldrel-macos-arm64 | 3.3.2 | 131.00 | NOTE | |||
r-oldrel-macos-x86_64 | 3.3.2 | 275.00 | NOTE | |||
r-oldrel-windows-x86_64 | 3.3.2 | 19.00 | 371.00 | 390.00 | NOTE |
Version: 3.3.2
Check: installed package size
Result: NOTE
installed size is 10.5Mb
sub-directories of 1Mb or more:
doc 10.0Mb
Flavors: r-devel-linux-x86_64-fedora-clang, r-devel-windows-x86_64, r-release-macos-arm64, r-release-macos-x86_64, r-release-windows-x86_64, r-oldrel-macos-arm64, r-oldrel-macos-x86_64, r-oldrel-windows-x86_64
Version: 3.3.2
Check: Rd cross-references
Result: NOTE
Undeclared package ‘DT’ in Rd xrefs
Flavor: r-devel-linux-x86_64-fedora-clang