Last updated on 2024-05-02 12:50:48 CEST.
Flavor | Version | Tinstall | Tcheck | Ttotal | Status | Flags |
---|---|---|---|---|---|---|
r-devel-linux-x86_64-debian-clang | 1.5.2 | 2.61 | 62.20 | 64.81 | OK | |
r-devel-linux-x86_64-debian-gcc | 1.5.2 | 2.49 | 45.76 | 48.25 | OK | |
r-devel-linux-x86_64-fedora-clang | 1.5.2 | 81.88 | OK | |||
r-devel-linux-x86_64-fedora-gcc | 1.5.2 | 87.47 | OK | |||
r-devel-windows-x86_64 | 1.5.2 | 4.00 | 144.00 | 148.00 | NOTE | |
r-patched-linux-x86_64 | 1.5.2 | 3.57 | 57.52 | 61.09 | OK | |
r-release-linux-x86_64 | 1.5.2 | 3.10 | 58.29 | 61.39 | OK | |
r-release-macos-arm64 | 1.5.2 | 110.00 | OK | |||
r-release-windows-x86_64 | 1.5.2 | 4.00 | 144.00 | 148.00 | NOTE | |
r-oldrel-macos-arm64 | 1.5.2 | 111.00 | OK | |||
r-oldrel-macos-x86_64 | 1.5.2 | 122.00 | OK | |||
r-oldrel-windows-x86_64 | 1.5.2 | 5.00 | 150.00 | 155.00 | NOTE |
Version: 1.5.2
Check: package dependencies
Result: NOTE
Package suggested but not available for checking: 'doMC'
Flavors: r-devel-windows-x86_64, r-release-windows-x86_64, r-oldrel-windows-x86_64