Last updated on 2024-05-21 11:53:33 CEST.
Flavor | Version | Tinstall | Tcheck | Ttotal | Status | Flags |
---|---|---|---|---|---|---|
r-devel-linux-x86_64-debian-clang | 0.9.11 | 12.32 | 92.47 | 104.79 | NOTE | |
r-devel-linux-x86_64-debian-gcc | 0.9.11 | 7.84 | 67.43 | 75.27 | NOTE | |
r-devel-linux-x86_64-fedora-clang | 0.9.11 | 127.69 | NOTE | |||
r-devel-linux-x86_64-fedora-gcc | 0.9.11 | 132.18 | NOTE | |||
r-devel-windows-x86_64 | 0.9.11 | 9.00 | 96.00 | 105.00 | NOTE | |
r-patched-linux-x86_64 | 0.9.11 | 13.86 | 84.98 | 98.84 | NOTE | |
r-release-linux-x86_64 | 0.9.11 | 6.86 | 85.91 | 92.77 | NOTE | |
r-release-macos-arm64 | 0.9.11 | 47.00 | NOTE | |||
r-release-windows-x86_64 | 0.9.11 | 9.00 | 96.00 | 105.00 | NOTE | |
r-oldrel-macos-arm64 | 0.9.11 | 46.00 | OK | |||
r-oldrel-macos-x86_64 | 0.9.11 | 72.00 | OK | |||
r-oldrel-windows-x86_64 | 0.9.11 | 13.00 | 108.00 | 121.00 | OK |
Version: 0.9.11
Check: Rd files
Result: NOTE
checkRd: (-1) to_flow.Rd:110-117: Lost braces
110 | \strong{Behaviour:}{
| ^
checkRd: (-1) to_flowdef.Rd:111-115: Lost braces
111 | {
| ^
Flavors: r-devel-linux-x86_64-debian-clang, r-devel-linux-x86_64-debian-gcc, r-devel-linux-x86_64-fedora-clang, r-devel-linux-x86_64-fedora-gcc, r-devel-windows-x86_64, r-patched-linux-x86_64, r-release-linux-x86_64, r-release-macos-arm64, r-release-windows-x86_64