Last updated on 2024-05-21 11:53:29 CEST.
Flavor | Version | Tinstall | Tcheck | Ttotal | Status | Flags |
---|---|---|---|---|---|---|
r-devel-linux-x86_64-debian-clang | 0.1.7 | 246.95 | 89.54 | 336.49 | NOTE | |
r-devel-linux-x86_64-debian-gcc | 0.1.7 | 173.93 | 65.78 | 239.71 | NOTE | |
r-devel-linux-x86_64-fedora-clang | 0.1.7 | 495.74 | NOTE | |||
r-devel-linux-x86_64-fedora-gcc | 0.1.7 | 522.47 | NOTE | |||
r-devel-windows-x86_64 | 0.1.7 | 192.00 | 100.00 | 292.00 | NOTE | |
r-patched-linux-x86_64 | 0.1.7 | 247.81 | 84.41 | 332.22 | NOTE | |
r-release-linux-x86_64 | 0.1.7 | 256.22 | 83.80 | 340.02 | NOTE | |
r-release-macos-arm64 | 0.1.7 | 89.00 | NOTE | |||
r-release-windows-x86_64 | 0.1.7 | 194.00 | 103.00 | 297.00 | NOTE | |
r-oldrel-macos-arm64 | 0.1.7 | 130.00 | NOTE | |||
r-oldrel-macos-x86_64 | 0.1.7 | 198.00 | NOTE | |||
r-oldrel-windows-x86_64 | 0.1.7 | 233.00 | 120.00 | 353.00 | NOTE |
Version: 0.1.7
Check: C++ specification
Result: NOTE
Specified C++11: please drop specification unless essential
Flavors: r-devel-linux-x86_64-debian-clang, r-devel-linux-x86_64-debian-gcc, r-devel-linux-x86_64-fedora-clang, r-devel-linux-x86_64-fedora-gcc, r-devel-windows-x86_64, r-patched-linux-x86_64, r-release-linux-x86_64, r-release-macos-arm64, r-release-windows-x86_64, r-oldrel-macos-arm64, r-oldrel-macos-x86_64, r-oldrel-windows-x86_64
Version: 0.1.7
Check: dependencies in R code
Result: NOTE
Namespaces in Imports field not imported from:
‘base’ ‘lwgeom’ ‘s2’
All declared Imports should be used.
Flavors: r-devel-linux-x86_64-fedora-clang, r-devel-linux-x86_64-fedora-gcc
Version: 0.1.7
Check: installed package size
Result: NOTE
installed size is 10.6Mb
sub-directories of 1Mb or more:
libs 10.2Mb
Flavors: r-release-macos-arm64, r-oldrel-macos-arm64, r-oldrel-macos-x86_64