Last updated on 2024-05-12 10:57:23 CEST.
Flavor | Version | Tinstall | Tcheck | Ttotal | Status | Flags |
---|---|---|---|---|---|---|
r-devel-linux-x86_64-debian-clang | 1.0-2 | 18.63 | 157.87 | 176.50 | NOTE | |
r-devel-linux-x86_64-debian-gcc | 1.0-2 | 15.45 | 115.78 | 131.23 | NOTE | |
r-devel-linux-x86_64-fedora-clang | 1.0-2 | 230.75 | NOTE | |||
r-devel-linux-x86_64-fedora-gcc | 1.0-2 | 232.29 | NOTE | |||
r-devel-windows-x86_64 | 1.0-2 | 17.00 | 151.00 | 168.00 | NOTE | |
r-patched-linux-x86_64 | 1.0-2 | 18.88 | 149.29 | 168.17 | NOTE | |
r-release-linux-x86_64 | 1.0-2 | 19.03 | 154.11 | 173.14 | NOTE | |
r-release-macos-arm64 | 1.0-2 | 62.00 | NOTE | |||
r-release-windows-x86_64 | 1.0-2 | 19.00 | 149.00 | 168.00 | NOTE | |
r-oldrel-macos-arm64 | 1.0-2 | 73.00 | OK | |||
r-oldrel-macos-x86_64 | 1.0-2 | 124.00 | NOTE | |||
r-oldrel-windows-x86_64 | 1.0-2 | 21.00 | 183.00 | 204.00 | OK |
Version: 1.0-2
Check: Rd files
Result: NOTE
checkRd: (-1) C316.amp.Rd:28-32: Lost braces
28 | 40 x {
| ^
checkRd: (-1) C317.amp.Rd:28-32: Lost braces
28 | 40 x {
| ^
checkRd: (-1) C60.amp.Rd:63-67: Lost braces
63 | 40 x {
| ^
Flavors: r-devel-linux-x86_64-debian-clang, r-devel-linux-x86_64-debian-gcc, r-devel-linux-x86_64-fedora-clang, r-devel-linux-x86_64-fedora-gcc, r-devel-windows-x86_64, r-patched-linux-x86_64, r-release-linux-x86_64, r-release-macos-arm64, r-release-windows-x86_64
Version: 1.0-2
Check: package dependencies
Result: NOTE
Packages suggested but not available for checking: 'drc', 'qpcR'
Flavor: r-oldrel-macos-x86_64
Version: 1.0-2
Check: Rd cross-references
Result: NOTE
Package unavailable to check Rd xrefs: ‘qpcR’
Flavor: r-oldrel-macos-x86_64