Last updated on 2024-05-21 11:53:27 CEST.
Flavor | Version | Tinstall | Tcheck | Ttotal | Status | Flags |
---|---|---|---|---|---|---|
r-devel-linux-x86_64-debian-clang | 0.5.3 | 26.13 | 155.56 | 181.69 | NOTE | |
r-devel-linux-x86_64-debian-gcc | 0.5.3 | 23.65 | 114.63 | 138.28 | NOTE | |
r-devel-linux-x86_64-fedora-clang | 0.5.3 | 251.03 | NOTE | |||
r-devel-linux-x86_64-fedora-gcc | 0.5.3 | 217.90 | NOTE | |||
r-devel-windows-x86_64 | 0.5.3 | 26.00 | 131.00 | 157.00 | OK | |
r-patched-linux-x86_64 | 0.5.3 | 28.34 | 150.94 | 179.28 | NOTE | |
r-release-linux-x86_64 | 0.5.3 | 23.85 | 151.17 | 175.02 | NOTE | |
r-release-macos-arm64 | 0.5.3 | 65.00 | NOTE | |||
r-release-windows-x86_64 | 0.5.3 | 26.00 | 129.00 | 155.00 | OK | |
r-oldrel-macos-arm64 | 0.5.3 | 77.00 | NOTE | |||
r-oldrel-macos-x86_64 | 0.5.3 | 169.00 | NOTE | |||
r-oldrel-windows-x86_64 | 0.5.3 | 33.00 | 158.00 | 191.00 | NOTE |
Version: 0.5.3
Check: package dependencies
Result: NOTE
Package suggested but not available for checking: ‘INLA’
Flavors: r-devel-linux-x86_64-debian-clang, r-devel-linux-x86_64-debian-gcc, r-patched-linux-x86_64, r-release-linux-x86_64, r-release-macos-arm64, r-oldrel-macos-arm64, r-oldrel-macos-x86_64, r-oldrel-windows-x86_64
Version: 0.5.3
Check: data for non-ASCII characters
Result: NOTE
Note: found 940 marked Latin-1 strings
Flavors: r-devel-linux-x86_64-fedora-clang, r-devel-linux-x86_64-fedora-gcc
Version: 0.5.3
Check: installed package size
Result: NOTE
installed size is 5.6Mb
sub-directories of 1Mb or more:
data 5.2Mb
Flavors: r-release-macos-arm64, r-oldrel-macos-arm64, r-oldrel-macos-x86_64