Last updated on 2024-05-11 12:48:14 CEST.
Flavor | Version | Tinstall | Tcheck | Ttotal | Status | Flags |
---|---|---|---|---|---|---|
r-devel-linux-x86_64-debian-clang | 1.0.10 | 18.60 | 144.48 | 163.08 | OK | |
r-devel-linux-x86_64-debian-gcc | 1.0.10 | 14.54 | 104.69 | 119.23 | OK | |
r-devel-linux-x86_64-fedora-clang | 1.0.10 | 202.06 | NOTE | |||
r-devel-linux-x86_64-fedora-gcc | 1.0.10 | 275.19 | NOTE | |||
r-devel-windows-x86_64 | 1.0.10 | 18.00 | 124.00 | 142.00 | OK | |
r-patched-linux-x86_64 | 1.0.10 | 19.05 | 134.56 | 153.61 | OK | |
r-release-linux-x86_64 | 1.0.10 | 19.02 | 134.97 | 153.99 | OK | |
r-release-macos-arm64 | 1.0.10 | 58.00 | OK | |||
r-release-windows-x86_64 | 1.0.10 | 17.00 | 124.00 | 141.00 | OK | |
r-oldrel-macos-arm64 | 1.0.10 | 73.00 | OK | |||
r-oldrel-macos-x86_64 | 1.0.10 | 153.00 | OK | |||
r-oldrel-windows-x86_64 | 1.0.10 | 23.00 | 146.00 | 169.00 | OK |
Version: 1.0.10
Check: dependencies in R code
Result: NOTE
Namespaces in Imports field not imported from:
‘SparseM’ ‘nlme’ ‘timeDate’
All declared Imports should be used.
Flavors: r-devel-linux-x86_64-fedora-clang, r-devel-linux-x86_64-fedora-gcc